{"id":3062,"date":"2022-03-07T16:01:40","date_gmt":"2022-03-07T16:01:40","guid":{"rendered":"https:\/\/tavapy.gov.py\/biblioteca\/?post_type=product&#038;p=3062"},"modified":"2022-06-14T19:22:39","modified_gmt":"2022-06-14T19:22:39","slug":"la-peste","status":"publish","type":"product","link":"https:\/\/tavapy.gov.py\/biblioteca\/product\/la-peste\/","title":{"rendered":"LA PESTE."},"content":{"rendered":"","protected":false},"excerpt":{"rendered":"<p>La historia comienza a desarrollarse en la ciudad de\u00a0<strong>Or\u00e1n, en Argelia.<\/strong>\u00a0Un lugar aparentemente tranquilo que empieza a verse removido por una plaga \u2013<strong>la peste<\/strong>\u2013 de forma cada vez m\u00e1s progresiva. Empieza poco a poco, pero cada vez va yendo a m\u00e1s y termina afectando bastante de forma psicol\u00f3gica en todos los habitantes as\u00ed como lleva a muchos de ellos a la muerte. Poco a poco, los ciudadanos van vi\u00e9ndose sometidos a m\u00e1s y m\u00e1s medidas de precauci\u00f3n sinti\u00e9ndose cada vez m\u00e1s<strong>\u00a0aislados, desamparados y encarcelados del mundo exterior.<\/strong><a href=\"https:\/\/tavapy.gov.py\/biblioteca\/wp-content\/uploads\/2022\/03\/Allan-PoeE-La-Caida-Casa-Usher.pdf\" target=\"_blank\" rel=\"noopener\"><img loading=\"lazy\" decoding=\"async\" class=\"alignnone size-full wp-image-3059\" src=\"https:\/\/tavapy.gov.py\/biblioteca\/wp-content\/uploads\/2022\/03\/icono-PDF-copia.png\" alt=\"\" width=\"121\" height=\"140\" \/><\/a><\/p>\n","protected":false},"featured_media":3065,"comment_status":"open","ping_status":"closed","template":"","meta":{"spay_email":""},"product_cat":[57],"product_tag":[],"class_list":{"0":"post-3062","1":"product","2":"type-product","3":"status-publish","4":"has-post-thumbnail","6":"book_author-albert-camus","7":"product_cat-novela","8":"entry"},"_links":{"self":[{"href":"https:\/\/tavapy.gov.py\/biblioteca\/wp-json\/wp\/v2\/product\/3062","targetHints":{"allow":["GET"]}}],"collection":[{"href":"https:\/\/tavapy.gov.py\/biblioteca\/wp-json\/wp\/v2\/product"}],"about":[{"href":"https:\/\/tavapy.gov.py\/biblioteca\/wp-json\/wp\/v2\/types\/product"}],"replies":[{"embeddable":true,"href":"https:\/\/tavapy.gov.py\/biblioteca\/wp-json\/wp\/v2\/comments?post=3062"}],"wp:featuredmedia":[{"embeddable":true,"href":"https:\/\/tavapy.gov.py\/biblioteca\/wp-json\/wp\/v2\/media\/3065"}],"wp:attachment":[{"href":"https:\/\/tavapy.gov.py\/biblioteca\/wp-json\/wp\/v2\/media?parent=3062"}],"wp:term":[{"taxonomy":"product_cat","embeddable":true,"href":"https:\/\/tavapy.gov.py\/biblioteca\/wp-json\/wp\/v2\/product_cat?post=3062"},{"taxonomy":"product_tag","embeddable":true,"href":"https:\/\/tavapy.gov.py\/biblioteca\/wp-json\/wp\/v2\/product_tag?post=3062"}],"curies":[{"name":"wp","href":"https:\/\/api.w.org\/{rel}","templated":true}]}}