{"id":3096,"date":"2022-03-07T16:56:47","date_gmt":"2022-03-07T16:56:47","guid":{"rendered":"https:\/\/tavapy.gov.py\/biblioteca\/?post_type=product&#038;p=3096"},"modified":"2022-03-07T16:56:47","modified_gmt":"2022-03-07T16:56:47","slug":"las-reglas-del-metodo-sociologico","status":"publish","type":"product","link":"https:\/\/tavapy.gov.py\/biblioteca\/product\/las-reglas-del-metodo-sociologico\/","title":{"rendered":"Las reglas del m\u00e9todo sociol\u00f3gico"},"content":{"rendered":"","protected":false},"excerpt":{"rendered":"<p>Las Reglas del M\u00e9todo Sociol\u00f3gico, obra escrita en 1.895 es una obra de lectura obligada para quienes est\u00e9n interesados en las ciencias sociales y, en general, para aquellos que aspiren a entender el pensamiento contempor\u00e1neo.<\/p>\n<p>En ella se afirma que la autonom\u00eda de una ciencia depende de la delimitaci\u00f3n de su objeto y de la definici\u00f3n de sus reglas met\u00f3dicas: el objeto de la sociolog\u00eda son los hechos sociales y las reglas se refieren a la observaci\u00f3n de los mismos, a la distinci\u00f3n entre lo normal y lo patol\u00f3gico, a la clasificaci\u00f3n de los diversos tipos de sociedad y al empleo de las pruebas en sociolog\u00eda.<a href=\"https:\/\/tavapy.gov.py\/biblioteca\/wp-content\/uploads\/2022\/03\/Gardner_estructuras_de_la_mente.pdf\" target=\"_blank\" rel=\"noopener\"><img loading=\"lazy\" decoding=\"async\" class=\"size-full wp-image-3059 alignleft\" src=\"https:\/\/tavapy.gov.py\/biblioteca\/wp-content\/uploads\/2022\/03\/icono-PDF-copia.png\" alt=\"\" width=\"121\" height=\"140\" \/><\/a><\/p>\n","protected":false},"featured_media":3097,"comment_status":"open","ping_status":"closed","template":"","meta":{"spay_email":""},"product_cat":[70],"product_tag":[],"class_list":{"0":"post-3096","1":"product","2":"type-product","3":"status-publish","4":"has-post-thumbnail","6":"book_author-emile-durkheim","7":"product_cat-sociologia","8":"entry"},"_links":{"self":[{"href":"https:\/\/tavapy.gov.py\/biblioteca\/wp-json\/wp\/v2\/product\/3096","targetHints":{"allow":["GET"]}}],"collection":[{"href":"https:\/\/tavapy.gov.py\/biblioteca\/wp-json\/wp\/v2\/product"}],"about":[{"href":"https:\/\/tavapy.gov.py\/biblioteca\/wp-json\/wp\/v2\/types\/product"}],"replies":[{"embeddable":true,"href":"https:\/\/tavapy.gov.py\/biblioteca\/wp-json\/wp\/v2\/comments?post=3096"}],"wp:featuredmedia":[{"embeddable":true,"href":"https:\/\/tavapy.gov.py\/biblioteca\/wp-json\/wp\/v2\/media\/3097"}],"wp:attachment":[{"href":"https:\/\/tavapy.gov.py\/biblioteca\/wp-json\/wp\/v2\/media?parent=3096"}],"wp:term":[{"taxonomy":"product_cat","embeddable":true,"href":"https:\/\/tavapy.gov.py\/biblioteca\/wp-json\/wp\/v2\/product_cat?post=3096"},{"taxonomy":"product_tag","embeddable":true,"href":"https:\/\/tavapy.gov.py\/biblioteca\/wp-json\/wp\/v2\/product_tag?post=3096"}],"curies":[{"name":"wp","href":"https:\/\/api.w.org\/{rel}","templated":true}]}}