{"id":3130,"date":"2022-03-21T02:03:51","date_gmt":"2022-03-21T02:03:51","guid":{"rendered":"https:\/\/tavapy.gov.py\/biblioteca\/?post_type=product&#038;p=3130"},"modified":"2022-03-25T18:52:06","modified_gmt":"2022-03-25T18:52:06","slug":"el-hombre-unidimensional-ensayo-sobre-la-ideologia-de-la-sociedad-industrial-avanzada","status":"publish","type":"product","link":"https:\/\/tavapy.gov.py\/biblioteca\/product\/el-hombre-unidimensional-ensayo-sobre-la-ideologia-de-la-sociedad-industrial-avanzada\/","title":{"rendered":"EL HOMBRE UNIDIMENSIONAL."},"content":{"rendered":"","protected":false},"excerpt":{"rendered":"<p>El hombre unidimensional, obra escrita en 1.964 es un an\u00e1lisis de las sociedades occidentales que, bajo un disfraz pseudodemocr\u00e1tico, esconden una estructura totalitaria basada en la explotaci\u00f3n del hombre por el hombre.<\/p>\n<p>La obra se basa en dos hip\u00f3tesis aparentemente contradictorias. De un lado, Marcuse afirma que la sociedad industrial avanzada es capaz de reprimir todo cambio cualitativo. Por otro lado, parece prevalecer la hip\u00f3tesis que quiere que en esta sociedad existan fuerzas capaces de poner fin a la represi\u00f3n y de hacer explotar las mortales contradicciones que laten en su seno.<\/p>\n<p>Para Marcuse, tanto los medios de comunicaci\u00f3n como las industrias culturales socializan los valores del sistema dominante y ahogan el pensamiento cr\u00edtico, creando un escenario cultural unidimensional, que propicia un pensamiento \u00fanico y condiciona la conducta del individuo en la sociedad, bajo la apariencia de una conciencia feliz.<\/p>\n<p>La aportaci\u00f3n fundamental de Marcuse reside en el enfoque filos\u00f3fico-social de esa dualidad caracter\u00edstica de las sociedades industriales avanzadas, capaces de crear las condiciones para una nueva civilizaci\u00f3n en la cual el hombre se encuentra liberado de las limitaciones que le redujeron a sobrevivir en la penuria desde los inicios de su existencia sobre el planeta, y al mismo tiempo se encuentra cercado por una red de instrumentos de control y de represi\u00f3n forjados para garantizar la persistencia de un sistema de dominaci\u00f3n.<\/p>\n<p><a href=\"https:\/\/tavapy.gov.py\/biblioteca\/wp-content\/uploads\/2022\/03\/MarcuseH_El_hombre_unidimensional.pdf\" target=\"_blank\" rel=\"noopener\"><img loading=\"lazy\" decoding=\"async\" class=\"size-full wp-image-3059 alignleft\" src=\"https:\/\/tavapy.gov.py\/biblioteca\/wp-content\/uploads\/2022\/03\/icono-PDF-copia.png\" alt=\"\" width=\"121\" height=\"140\" \/><\/a><\/p>\n","protected":false},"featured_media":3132,"comment_status":"open","ping_status":"closed","template":"","meta":{"spay_email":""},"product_cat":[94],"product_tag":[],"class_list":{"0":"post-3130","1":"product","2":"type-product","3":"status-publish","4":"has-post-thumbnail","6":"book_author-herbert-marcuse","7":"product_cat-filosofia-social","8":"entry"},"_links":{"self":[{"href":"https:\/\/tavapy.gov.py\/biblioteca\/wp-json\/wp\/v2\/product\/3130","targetHints":{"allow":["GET"]}}],"collection":[{"href":"https:\/\/tavapy.gov.py\/biblioteca\/wp-json\/wp\/v2\/product"}],"about":[{"href":"https:\/\/tavapy.gov.py\/biblioteca\/wp-json\/wp\/v2\/types\/product"}],"replies":[{"embeddable":true,"href":"https:\/\/tavapy.gov.py\/biblioteca\/wp-json\/wp\/v2\/comments?post=3130"}],"wp:featuredmedia":[{"embeddable":true,"href":"https:\/\/tavapy.gov.py\/biblioteca\/wp-json\/wp\/v2\/media\/3132"}],"wp:attachment":[{"href":"https:\/\/tavapy.gov.py\/biblioteca\/wp-json\/wp\/v2\/media?parent=3130"}],"wp:term":[{"taxonomy":"product_cat","embeddable":true,"href":"https:\/\/tavapy.gov.py\/biblioteca\/wp-json\/wp\/v2\/product_cat?post=3130"},{"taxonomy":"product_tag","embeddable":true,"href":"https:\/\/tavapy.gov.py\/biblioteca\/wp-json\/wp\/v2\/product_tag?post=3130"}],"curies":[{"name":"wp","href":"https:\/\/api.w.org\/{rel}","templated":true}]}}