{"id":3136,"date":"2022-03-21T02:08:51","date_gmt":"2022-03-21T02:08:51","guid":{"rendered":"https:\/\/tavapy.gov.py\/biblioteca\/?post_type=product&#038;p=3136"},"modified":"2022-04-07T00:52:09","modified_gmt":"2022-04-07T00:52:09","slug":"el-principito","status":"publish","type":"product","link":"https:\/\/tavapy.gov.py\/biblioteca\/product\/el-principito\/","title":{"rendered":"EL PRINCIPITO."},"content":{"rendered":"","protected":false},"excerpt":{"rendered":"<p>En este libro escrito en 1.943, un aviador se encuentra perdido en el desierto del Sahara, despu\u00e9s de haber tenido una aver\u00eda en su avi\u00f3n. Entonces aparece un peque\u00f1o pr\u00edncipe. En sus conversaciones con \u00e9l, el narrador revela su propia visi\u00f3n sobre la estupidez humana y la sencilla sabidur\u00eda de los ni\u00f1os que la mayor\u00eda de las personas pierden cuando crecen y se hacen adultos.<\/p>\n<p>El principito vive en un peque\u00f1o planeta, el asteroide B 612, en el que hay tres volcanes\u00a0 y una rosa. Pasa sus d\u00edas cuidando de su planeta, y quitando los \u00e1rboles baobab que constantemente intentan echar ra\u00edces all\u00ed.<\/p>\n<p>Un d\u00eda decide abandonar su planeta, quiz\u00e1s cansado de los reproches y reclamos de la rosa, para explorar otros mundos. Aprovecha una migraci\u00f3n de p\u00e1jaros para emprender su viaje y recorrer el universo; es as\u00ed como visita seis planetas, cada uno de ellos habitado por un personaje: un rey, un vanidoso, un borracho, un hombre de negocios, un farolero y un ge\u00f3grafo, los cuales, a su manera, demuestran lo vac\u00edas que se vuelven las personas cuando se transforman en adultas.<\/p>\n<p>El \u00faltimo personaje que conoce, el ge\u00f3grafo, le recomienda viajar a un planeta espec\u00edfico, la Tierra, donde entre otras experiencias acaba conociendo al aviador que, ya hab\u00edamos comentado, estaba perdido en el desierto.<\/p>\n<p><a href=\"https:\/\/tavapy.gov.py\/biblioteca\/wp-content\/uploads\/2022\/03\/De-Saint-ExuperyA-El-principito.pdf\" target=\"_blank\" rel=\"noopener\"><img loading=\"lazy\" decoding=\"async\" class=\"alignnone size-full wp-image-3059\" src=\"https:\/\/tavapy.gov.py\/biblioteca\/wp-content\/uploads\/2022\/03\/icono-PDF-copia.png\" alt=\"\" width=\"121\" height=\"140\" \/><\/a><\/p>\n","protected":false},"featured_media":3138,"comment_status":"open","ping_status":"closed","template":"","meta":{"spay_email":""},"product_cat":[200],"product_tag":[],"class_list":{"0":"post-3136","1":"product","2":"type-product","3":"status-publish","4":"has-post-thumbnail","6":"book_author-antoine-de-saint-exupery","7":"product_cat-cuento-infantil","8":"entry"},"_links":{"self":[{"href":"https:\/\/tavapy.gov.py\/biblioteca\/wp-json\/wp\/v2\/product\/3136","targetHints":{"allow":["GET"]}}],"collection":[{"href":"https:\/\/tavapy.gov.py\/biblioteca\/wp-json\/wp\/v2\/product"}],"about":[{"href":"https:\/\/tavapy.gov.py\/biblioteca\/wp-json\/wp\/v2\/types\/product"}],"replies":[{"embeddable":true,"href":"https:\/\/tavapy.gov.py\/biblioteca\/wp-json\/wp\/v2\/comments?post=3136"}],"wp:featuredmedia":[{"embeddable":true,"href":"https:\/\/tavapy.gov.py\/biblioteca\/wp-json\/wp\/v2\/media\/3138"}],"wp:attachment":[{"href":"https:\/\/tavapy.gov.py\/biblioteca\/wp-json\/wp\/v2\/media?parent=3136"}],"wp:term":[{"taxonomy":"product_cat","embeddable":true,"href":"https:\/\/tavapy.gov.py\/biblioteca\/wp-json\/wp\/v2\/product_cat?post=3136"},{"taxonomy":"product_tag","embeddable":true,"href":"https:\/\/tavapy.gov.py\/biblioteca\/wp-json\/wp\/v2\/product_tag?post=3136"}],"curies":[{"name":"wp","href":"https:\/\/api.w.org\/{rel}","templated":true}]}}