{"id":3277,"date":"2022-03-26T19:06:23","date_gmt":"2022-03-26T19:06:23","guid":{"rendered":"https:\/\/tavapy.gov.py\/biblioteca\/?post_type=product&#038;p=3277"},"modified":"2022-04-01T23:41:40","modified_gmt":"2022-04-01T23:41:40","slug":"confieso-que-he-vivido-memorias","status":"publish","type":"product","link":"https:\/\/tavapy.gov.py\/biblioteca\/product\/confieso-que-he-vivido-memorias\/","title":{"rendered":"CONFIESO QUE HE VIVIDO. MEMORIAS."},"content":{"rendered":"","protected":false},"excerpt":{"rendered":"<p>En esta obra escrita en 1.974, Neruda narra, con la inigualable potencia verbal que caracteriza a sus mejores escritos, no s\u00f3lo los principales episodios de su vida, sino las circunstancias que rodearon la creaci\u00f3n de sus poemas m\u00e1s famosos.<\/p>\n<p>Magistralmente, el autor expone tanto su concepci\u00f3n del arte y de la poes\u00eda cuanto los motivos que le llevaron a defender hasta el final de su vida sus conocidas posiciones pol\u00edticas. De forma no menos brillante, rememora la figura de algunos amigos: Garc\u00eda Lorca, Alberti, Miguel Hern\u00e1ndez, Eluard, Arag\u00f3n y su relaci\u00f3n con personajes destacados de la pol\u00edtica contempor\u00e1nea.<\/p>\n<p><a href=\"https:\/\/tavapy.gov.py\/biblioteca\/wp-content\/uploads\/2022\/03\/NerudaP-Confieso-que-he-vivido-memorias-1.pdf\" target=\"_blank\" rel=\"attachment noopener wp-att-3564\"><img loading=\"lazy\" decoding=\"async\" class=\"size-full wp-image-3564 alignleft\" src=\"https:\/\/tavapy.gov.py\/biblioteca\/wp-content\/uploads\/2022\/03\/icono-PDF-copia-5.png\" alt=\"\" width=\"121\" height=\"140\" \/><\/a><\/p>\n","protected":false},"featured_media":3262,"comment_status":"open","ping_status":"closed","template":"","meta":{"spay_email":""},"product_cat":[97],"product_tag":[],"class_list":{"0":"post-3277","1":"product","2":"type-product","3":"status-publish","4":"has-post-thumbnail","6":"book_author-pablo-neruda","7":"product_cat-poesia","8":"entry"},"_links":{"self":[{"href":"https:\/\/tavapy.gov.py\/biblioteca\/wp-json\/wp\/v2\/product\/3277","targetHints":{"allow":["GET"]}}],"collection":[{"href":"https:\/\/tavapy.gov.py\/biblioteca\/wp-json\/wp\/v2\/product"}],"about":[{"href":"https:\/\/tavapy.gov.py\/biblioteca\/wp-json\/wp\/v2\/types\/product"}],"replies":[{"embeddable":true,"href":"https:\/\/tavapy.gov.py\/biblioteca\/wp-json\/wp\/v2\/comments?post=3277"}],"wp:featuredmedia":[{"embeddable":true,"href":"https:\/\/tavapy.gov.py\/biblioteca\/wp-json\/wp\/v2\/media\/3262"}],"wp:attachment":[{"href":"https:\/\/tavapy.gov.py\/biblioteca\/wp-json\/wp\/v2\/media?parent=3277"}],"wp:term":[{"taxonomy":"product_cat","embeddable":true,"href":"https:\/\/tavapy.gov.py\/biblioteca\/wp-json\/wp\/v2\/product_cat?post=3277"},{"taxonomy":"product_tag","embeddable":true,"href":"https:\/\/tavapy.gov.py\/biblioteca\/wp-json\/wp\/v2\/product_tag?post=3277"}],"curies":[{"name":"wp","href":"https:\/\/api.w.org\/{rel}","templated":true}]}}