{"id":3287,"date":"2022-03-26T20:02:35","date_gmt":"2022-03-26T20:02:35","guid":{"rendered":"https:\/\/tavapy.gov.py\/biblioteca\/?post_type=product&#038;p=3287"},"modified":"2022-04-01T23:11:40","modified_gmt":"2022-04-01T23:11:40","slug":"etica-comunitaria","status":"publish","type":"product","link":"https:\/\/tavapy.gov.py\/biblioteca\/product\/etica-comunitaria\/","title":{"rendered":"\u00c9TICA COMUNITARIA."},"content":{"rendered":"<p>En la teolog\u00eda tradicional se habla de \u00e9tica social. En \u00c9tica Comunitaria, obra escrita en 1.986, trataremos las cuestiones que se estudian en ese tratado, pero desde el punto de vista de la teolog\u00eda de la liberaci\u00f3n.<\/p>\n<p>En esta corta obra no pretendemos exponer o explicar acabadamente los temas que trataremos, sino que intentamos s\u00f3lo situarlos; es decir, mostrar el lugar que ocupan en el discurso de la teolog\u00eda de la liberaci\u00f3n.<\/p>\n","protected":false},"excerpt":{"rendered":"<p>En la teolog\u00eda tradicional se habla de \u00e9tica social. En \u00c9tica Comunitaria, obra escrita en 1.986, trataremos las cuestiones que se estudian en ese tratado, pero desde el punto de vista de la teolog\u00eda de la liberaci\u00f3n.<\/p>\n<p>En esta corta obra no pretendemos exponer o explicar acabadamente los temas que trataremos, sino que intentamos s\u00f3lo situarlos; es decir, mostrar el lugar que ocupan en el discurso de la teolog\u00eda de la liberaci\u00f3n.<\/p>\n<p><a href=\"https:\/\/tavapy.gov.py\/biblioteca\/wp-content\/uploads\/2022\/03\/DusselE-Etica-comunitaria.pdf\" target=\"_blank\" rel=\"attachment noopener wp-att-3564\"><img loading=\"lazy\" decoding=\"async\" class=\"size-full wp-image-3564 alignleft\" src=\"https:\/\/tavapy.gov.py\/biblioteca\/wp-content\/uploads\/2022\/03\/icono-PDF-copia-5.png\" alt=\"\" width=\"121\" height=\"140\" \/><\/a><\/p>\n","protected":false},"featured_media":3236,"comment_status":"open","ping_status":"closed","template":"","meta":{"spay_email":""},"product_cat":[113],"product_tag":[],"class_list":{"0":"post-3287","1":"product","2":"type-product","3":"status-publish","4":"has-post-thumbnail","6":"book_author-enrique-dussel","7":"product_cat-etica","8":"entry"},"_links":{"self":[{"href":"https:\/\/tavapy.gov.py\/biblioteca\/wp-json\/wp\/v2\/product\/3287","targetHints":{"allow":["GET"]}}],"collection":[{"href":"https:\/\/tavapy.gov.py\/biblioteca\/wp-json\/wp\/v2\/product"}],"about":[{"href":"https:\/\/tavapy.gov.py\/biblioteca\/wp-json\/wp\/v2\/types\/product"}],"replies":[{"embeddable":true,"href":"https:\/\/tavapy.gov.py\/biblioteca\/wp-json\/wp\/v2\/comments?post=3287"}],"wp:featuredmedia":[{"embeddable":true,"href":"https:\/\/tavapy.gov.py\/biblioteca\/wp-json\/wp\/v2\/media\/3236"}],"wp:attachment":[{"href":"https:\/\/tavapy.gov.py\/biblioteca\/wp-json\/wp\/v2\/media?parent=3287"}],"wp:term":[{"taxonomy":"product_cat","embeddable":true,"href":"https:\/\/tavapy.gov.py\/biblioteca\/wp-json\/wp\/v2\/product_cat?post=3287"},{"taxonomy":"product_tag","embeddable":true,"href":"https:\/\/tavapy.gov.py\/biblioteca\/wp-json\/wp\/v2\/product_tag?post=3287"}],"curies":[{"name":"wp","href":"https:\/\/api.w.org\/{rel}","templated":true}]}}