{"id":3295,"date":"2022-03-26T20:43:56","date_gmt":"2022-03-26T20:43:56","guid":{"rendered":"https:\/\/tavapy.gov.py\/biblioteca\/?post_type=product&#038;p=3295"},"modified":"2022-04-01T22:45:00","modified_gmt":"2022-04-01T22:45:00","slug":"economia-internacional-teoria-y-practica","status":"publish","type":"product","link":"https:\/\/tavapy.gov.py\/biblioteca\/product\/economia-internacional-teoria-y-practica\/","title":{"rendered":"ECONOM\u00cdA INTERNACIONAL. TEOR\u00cdA Y PR\u00c1CTICA."},"content":{"rendered":"","protected":false},"excerpt":{"rendered":"<p>Se puede decir que en el estudio del comercio y las finanzas internacionales naci\u00f3 la disciplina de la econom\u00eda tal y como la conocemos hoy en d\u00eda.<\/p>\n<p>Sin embargo, el estudio de la econom\u00eda internacional no ha sido nunca tan importante como lo es en la actualidad.<\/p>\n<p>A principios del siglo XXI los pa\u00edses est\u00e1n relacionados mucho m\u00e1s estrechamente que nunca mediante el comercio de bienes y servicios, los flujos de dinero y las inversiones en las econom\u00edas de los dem\u00e1s.<\/p>\n<p>La econom\u00eda global creada por estas relaciones es un lugar turbulento: tanto los pol\u00edticos como los dirigentes empresariales de todos los pa\u00edses, deben tener en cuenta ahora cambios econ\u00f3micos repentinos que se suceden en el conf\u00edn opuesto del mundo.<\/p>\n<p>Este libro escrito en 1.987 es un referente para el estudio de la econom\u00eda internacional actual, ofreciendo un marco de an\u00e1lisis actualizado y comprensible para entender las condiciones actuales y llevar ante los alumnos lo m\u00e1s apasionante de la econom\u00eda internacional.<\/p>\n<p>&nbsp;<\/p>\n<p><a href=\"https:\/\/tavapy.gov.py\/biblioteca\/wp-content\/uploads\/2022\/03\/KrugmanP-Economia-Internacional-1.pdf\" target=\"_blank\" rel=\"attachment noopener wp-att-3564\"><img loading=\"lazy\" decoding=\"async\" class=\"size-full wp-image-3564 alignleft\" src=\"https:\/\/tavapy.gov.py\/biblioteca\/wp-content\/uploads\/2022\/03\/icono-PDF-copia-5.png\" alt=\"\" width=\"121\" height=\"140\" \/><\/a><\/p>\n","protected":false},"featured_media":3294,"comment_status":"open","ping_status":"closed","template":"","meta":{"spay_email":""},"product_cat":[72],"product_tag":[],"class_list":{"0":"post-3295","1":"product","2":"type-product","3":"status-publish","4":"has-post-thumbnail","6":"book_author-paul-krugman","7":"product_cat-economia","8":"entry"},"_links":{"self":[{"href":"https:\/\/tavapy.gov.py\/biblioteca\/wp-json\/wp\/v2\/product\/3295","targetHints":{"allow":["GET"]}}],"collection":[{"href":"https:\/\/tavapy.gov.py\/biblioteca\/wp-json\/wp\/v2\/product"}],"about":[{"href":"https:\/\/tavapy.gov.py\/biblioteca\/wp-json\/wp\/v2\/types\/product"}],"replies":[{"embeddable":true,"href":"https:\/\/tavapy.gov.py\/biblioteca\/wp-json\/wp\/v2\/comments?post=3295"}],"wp:featuredmedia":[{"embeddable":true,"href":"https:\/\/tavapy.gov.py\/biblioteca\/wp-json\/wp\/v2\/media\/3294"}],"wp:attachment":[{"href":"https:\/\/tavapy.gov.py\/biblioteca\/wp-json\/wp\/v2\/media?parent=3295"}],"wp:term":[{"taxonomy":"product_cat","embeddable":true,"href":"https:\/\/tavapy.gov.py\/biblioteca\/wp-json\/wp\/v2\/product_cat?post=3295"},{"taxonomy":"product_tag","embeddable":true,"href":"https:\/\/tavapy.gov.py\/biblioteca\/wp-json\/wp\/v2\/product_tag?post=3295"}],"curies":[{"name":"wp","href":"https:\/\/api.w.org\/{rel}","templated":true}]}}