{"id":3301,"date":"2022-03-26T21:18:29","date_gmt":"2022-03-26T21:18:29","guid":{"rendered":"https:\/\/tavapy.gov.py\/biblioteca\/?post_type=product&#038;p=3301"},"modified":"2022-04-01T21:22:38","modified_gmt":"2022-04-01T21:22:38","slug":"la-aventura-de-pensar","status":"publish","type":"product","link":"https:\/\/tavapy.gov.py\/biblioteca\/product\/la-aventura-de-pensar\/","title":{"rendered":"LA AVENTURA DE PENSAR."},"content":{"rendered":"","protected":false},"excerpt":{"rendered":"<p>En la aventura de pensar, obra escrita en 2.008, Fernando Savater se centra en la historia de la filosof\u00eda a trav\u00e9s de los retratos de una serie de fil\u00f3sofos que han marcado la evoluci\u00f3n del pensamiento occidental. Desde Plat\u00f3n hasta Nietzsche, pasando por Rousseau o Hegel: todos los grandes maestros en un libro ameno y accesible para todos los p\u00fablicos.<\/p>\n<p>Nada hay m\u00e1s confortable para el hombre, ni m\u00e1s peligroso, que las certezas. Nuestra mejor defensa es la filosof\u00eda, que consiste en gran medida en el arte de cuestionarlas, de atreverse a pensar, de interpelar las verdades establecidas y ver qu\u00e9 esconden. En este paseo por la historia de la filosof\u00eda, Fernando Savater nos presenta a los grandes personajes que con sus preguntas, y en ocasiones con sus respuestas, han marcado el pensamiento occidental.<\/p>\n<p>Plat\u00f3n, Arist\u00f3teles, Hobbes, Tom\u00e1s de Aquino, Nietzsche, Marx, Ortega, Wittgenstein y hasta dieciocho fil\u00f3sofos m\u00e1s desfilan por estas p\u00e1ginas de la mano de Savater, que con su habitual estilo l\u00facido, ameno e inteligente explica sus ideas m\u00e1s importantes y resume sus trayectorias.<\/p>\n<p>Un canto al irrenunciable ejercicio de la libertad intelectual, este libro es en realidad una invitaci\u00f3n a huir de los t\u00f3picos y a compartir con los grandes fil\u00f3sofos la maravillosa aventura de pensar.<\/p>\n<p><a href=\"https:\/\/tavapy.gov.py\/biblioteca\/wp-content\/uploads\/2022\/03\/Savater-F-La-aventura-de-pensar.pdf\" target=\"_blank\" rel=\"attachment noopener wp-att-3564\"><img loading=\"lazy\" decoding=\"async\" class=\"size-full wp-image-3564 alignleft\" src=\"https:\/\/tavapy.gov.py\/biblioteca\/wp-content\/uploads\/2022\/03\/icono-PDF-copia-5.png\" alt=\"\" width=\"121\" height=\"140\" \/><\/a><\/p>\n<p>&nbsp;<\/p>\n","protected":false},"featured_media":3182,"comment_status":"open","ping_status":"closed","template":"","meta":{"spay_email":""},"product_cat":[59],"product_tag":[],"class_list":{"0":"post-3301","1":"product","2":"type-product","3":"status-publish","4":"has-post-thumbnail","6":"book_author-fernando-savater","7":"product_cat-filosofia","8":"entry"},"_links":{"self":[{"href":"https:\/\/tavapy.gov.py\/biblioteca\/wp-json\/wp\/v2\/product\/3301","targetHints":{"allow":["GET"]}}],"collection":[{"href":"https:\/\/tavapy.gov.py\/biblioteca\/wp-json\/wp\/v2\/product"}],"about":[{"href":"https:\/\/tavapy.gov.py\/biblioteca\/wp-json\/wp\/v2\/types\/product"}],"replies":[{"embeddable":true,"href":"https:\/\/tavapy.gov.py\/biblioteca\/wp-json\/wp\/v2\/comments?post=3301"}],"wp:featuredmedia":[{"embeddable":true,"href":"https:\/\/tavapy.gov.py\/biblioteca\/wp-json\/wp\/v2\/media\/3182"}],"wp:attachment":[{"href":"https:\/\/tavapy.gov.py\/biblioteca\/wp-json\/wp\/v2\/media?parent=3301"}],"wp:term":[{"taxonomy":"product_cat","embeddable":true,"href":"https:\/\/tavapy.gov.py\/biblioteca\/wp-json\/wp\/v2\/product_cat?post=3301"},{"taxonomy":"product_tag","embeddable":true,"href":"https:\/\/tavapy.gov.py\/biblioteca\/wp-json\/wp\/v2\/product_tag?post=3301"}],"curies":[{"name":"wp","href":"https:\/\/api.w.org\/{rel}","templated":true}]}}