{"id":3309,"date":"2022-03-26T21:46:43","date_gmt":"2022-03-26T21:46:43","guid":{"rendered":"https:\/\/tavapy.gov.py\/biblioteca\/?post_type=product&#038;p=3309"},"modified":"2023-10-24T20:07:19","modified_gmt":"2023-10-24T20:07:19","slug":"cartas-desde-la-tierra","status":"publish","type":"product","link":"https:\/\/tavapy.gov.py\/biblioteca\/product\/cartas-desde-la-tierra\/","title":{"rendered":"CARTAS DESDE LA TIERRA."},"content":{"rendered":"","protected":false},"excerpt":{"rendered":"<p>Cartas desde la Tierra, cuya primera edici\u00f3n no se autoriz\u00f3 hasta 1962, describe en vivo y en directo la versi\u00f3n siglo XXI del Big Bang desencadenado por Dios, y las reacciones de un testigo de excepci\u00f3n: Sat\u00e1n. Condenado por unos comentarios como siempre inoportunos, Sat\u00e1n se ve obligado a escribir cartas a casa desde su exilio en la Tierra.<\/p>\n<p>Las Cartas se centran particularmente en la naturaleza de la relaci\u00f3n entre Dios y el Hombre, ese v\u00ednculo que quiere simbolizar la forma m\u00e1s sublime de la reverencia y el amor, pero que frecuentemente se manifiesta en forma de desgracias, tribulaciones y abandono.<\/p>\n<p>Con ese tono escandaloso que s\u00f3lo nos permitimos en cavilaciones privadas, las Cartas conmueven, hacen re\u00edr y, como si eso no fuera suficiente, destilan un aire prof\u00e9tico.<\/p>\n<p><a href=\"https:\/\/tavapy.gov.py\/biblioteca\/wp-content\/uploads\/2022\/04\/TwainM-Cartas-desde-la-tierra.pdf\" target=\"_blank\" rel=\"attachment noopener wp-att-3564\"><img loading=\"lazy\" decoding=\"async\" class=\"size-full wp-image-3564 alignleft\" src=\"https:\/\/tavapy.gov.py\/biblioteca\/wp-content\/uploads\/2022\/03\/icono-PDF-copia-5.png\" alt=\"\" width=\"121\" height=\"140\" \/><\/a><\/p>\n","protected":false},"featured_media":3308,"comment_status":"open","ping_status":"closed","template":"","meta":{"spay_email":""},"product_cat":[57],"product_tag":[],"class_list":{"0":"post-3309","1":"product","2":"type-product","3":"status-publish","4":"has-post-thumbnail","6":"book_author-mark-twain","7":"product_cat-novela","8":"entry"},"_links":{"self":[{"href":"https:\/\/tavapy.gov.py\/biblioteca\/wp-json\/wp\/v2\/product\/3309","targetHints":{"allow":["GET"]}}],"collection":[{"href":"https:\/\/tavapy.gov.py\/biblioteca\/wp-json\/wp\/v2\/product"}],"about":[{"href":"https:\/\/tavapy.gov.py\/biblioteca\/wp-json\/wp\/v2\/types\/product"}],"replies":[{"embeddable":true,"href":"https:\/\/tavapy.gov.py\/biblioteca\/wp-json\/wp\/v2\/comments?post=3309"}],"wp:featuredmedia":[{"embeddable":true,"href":"https:\/\/tavapy.gov.py\/biblioteca\/wp-json\/wp\/v2\/media\/3308"}],"wp:attachment":[{"href":"https:\/\/tavapy.gov.py\/biblioteca\/wp-json\/wp\/v2\/media?parent=3309"}],"wp:term":[{"taxonomy":"product_cat","embeddable":true,"href":"https:\/\/tavapy.gov.py\/biblioteca\/wp-json\/wp\/v2\/product_cat?post=3309"},{"taxonomy":"product_tag","embeddable":true,"href":"https:\/\/tavapy.gov.py\/biblioteca\/wp-json\/wp\/v2\/product_tag?post=3309"}],"curies":[{"name":"wp","href":"https:\/\/api.w.org\/{rel}","templated":true}]}}