{"id":3313,"date":"2022-03-26T22:06:59","date_gmt":"2022-03-26T22:06:59","guid":{"rendered":"https:\/\/tavapy.gov.py\/biblioteca\/?post_type=product&#038;p=3313"},"modified":"2022-04-01T20:57:04","modified_gmt":"2022-04-01T20:57:04","slug":"el-perfil-emocional-de-tu-cerebro","status":"publish","type":"product","link":"https:\/\/tavapy.gov.py\/biblioteca\/product\/el-perfil-emocional-de-tu-cerebro\/","title":{"rendered":"EL PERFIL EMOCIONAL DE TU CEREBRO."},"content":{"rendered":"","protected":false},"excerpt":{"rendered":"<p>Richard J. Davidson pone de manifiesto en este libro escrito en 2.012, \u00fanico en su g\u00e9nero, la qu\u00edmica cerebral que hay tras cada una de las dimensiones que constituyen el estilo emocional y analiza la forma en que cada una de ellas influye en la salud del ser humano.<\/p>\n<p>Propone, adem\u00e1s, ejercicios basados en la meditaci\u00f3n que pueden ayudarnos a transformar aquellos patrones del cerebro que perjudican nuestro desarrollo como personas, lo que convierte este libro en una aut\u00e9ntica gu\u00eda para fortalecer la empat\u00eda, el optimismo y la sensaci\u00f3n de bienestar.<\/p>\n<p><a href=\"https:\/\/tavapy.gov.py\/biblioteca\/wp-content\/uploads\/2022\/03\/DavidsonR-El-perfil-emocional-del-cerebro.pdf\" target=\"_blank\" rel=\"attachment noopener wp-att-3564\"><img loading=\"lazy\" decoding=\"async\" class=\"size-full wp-image-3564 alignleft\" src=\"https:\/\/tavapy.gov.py\/biblioteca\/wp-content\/uploads\/2022\/03\/icono-PDF-copia-5.png\" alt=\"\" width=\"121\" height=\"140\" \/><\/a><\/p>\n","protected":false},"featured_media":3172,"comment_status":"open","ping_status":"closed","template":"","meta":{"spay_email":""},"product_cat":[129],"product_tag":[],"class_list":{"0":"post-3313","1":"product","2":"type-product","3":"status-publish","4":"has-post-thumbnail","6":"book_author-richard-davidson","7":"product_cat-neurociencia","8":"entry"},"_links":{"self":[{"href":"https:\/\/tavapy.gov.py\/biblioteca\/wp-json\/wp\/v2\/product\/3313","targetHints":{"allow":["GET"]}}],"collection":[{"href":"https:\/\/tavapy.gov.py\/biblioteca\/wp-json\/wp\/v2\/product"}],"about":[{"href":"https:\/\/tavapy.gov.py\/biblioteca\/wp-json\/wp\/v2\/types\/product"}],"replies":[{"embeddable":true,"href":"https:\/\/tavapy.gov.py\/biblioteca\/wp-json\/wp\/v2\/comments?post=3313"}],"wp:featuredmedia":[{"embeddable":true,"href":"https:\/\/tavapy.gov.py\/biblioteca\/wp-json\/wp\/v2\/media\/3172"}],"wp:attachment":[{"href":"https:\/\/tavapy.gov.py\/biblioteca\/wp-json\/wp\/v2\/media?parent=3313"}],"wp:term":[{"taxonomy":"product_cat","embeddable":true,"href":"https:\/\/tavapy.gov.py\/biblioteca\/wp-json\/wp\/v2\/product_cat?post=3313"},{"taxonomy":"product_tag","embeddable":true,"href":"https:\/\/tavapy.gov.py\/biblioteca\/wp-json\/wp\/v2\/product_tag?post=3313"}],"curies":[{"name":"wp","href":"https:\/\/api.w.org\/{rel}","templated":true}]}}