{"id":3315,"date":"2022-03-26T22:14:52","date_gmt":"2022-03-26T22:14:52","guid":{"rendered":"https:\/\/tavapy.gov.py\/biblioteca\/?post_type=product&#038;p=3315"},"modified":"2022-04-01T20:53:44","modified_gmt":"2022-04-01T20:53:44","slug":"y-el-cerebro-creo-al-hombre","status":"publish","type":"product","link":"https:\/\/tavapy.gov.py\/biblioteca\/product\/y-el-cerebro-creo-al-hombre\/","title":{"rendered":"Y EL CEREBRO CRE\u00d3 AL HOMBRE."},"content":{"rendered":"","protected":false},"excerpt":{"rendered":"<p>Esta obra fue escrita en el 2.010 y en ella se abordan el lenguaje, la conciencia moral y la creatividad que son tres rasgos del ser humano que no se habr\u00edan desarrollado si no tuviera consciencia.<\/p>\n<p>Pero \u00bfcu\u00e1l es el origen de la consciencia? \u00bfC\u00f3mo pudo el cerebro, un \u00f3rgano al fin y al cabo, elaborar pensamientos e ideas y generar emociones?<\/p>\n<p>Con un lenguaje claro, emotivo y a menudo po\u00e9tico, Damasio aborda una cuesti\u00f3n tan compleja y a la vez tan fundamental como cu\u00e1l fue el instante preciso en que nuestro cerebro cobr\u00f3 conciencia de s\u00ed mismo y surgi\u00f3 con ello todo lo bueno y lo malo de la condici\u00f3n humana.<\/p>\n<p><a href=\"https:\/\/tavapy.gov.py\/biblioteca\/wp-content\/uploads\/2022\/03\/Damasio-Y-el-cerebro-creo-al-hombre.pdf\" target=\"_blank\" rel=\"attachment noopener wp-att-3564\"><img loading=\"lazy\" decoding=\"async\" class=\"size-full wp-image-3564 alignleft\" src=\"https:\/\/tavapy.gov.py\/biblioteca\/wp-content\/uploads\/2022\/03\/icono-PDF-copia-5.png\" alt=\"\" width=\"121\" height=\"140\" \/><\/a><\/p>\n","protected":false},"featured_media":3170,"comment_status":"open","ping_status":"closed","template":"","meta":{"spay_email":""},"product_cat":[129],"product_tag":[],"class_list":{"0":"post-3315","1":"product","2":"type-product","3":"status-publish","4":"has-post-thumbnail","6":"book_author-antonio-damasio","7":"product_cat-neurociencia","8":"entry"},"_links":{"self":[{"href":"https:\/\/tavapy.gov.py\/biblioteca\/wp-json\/wp\/v2\/product\/3315","targetHints":{"allow":["GET"]}}],"collection":[{"href":"https:\/\/tavapy.gov.py\/biblioteca\/wp-json\/wp\/v2\/product"}],"about":[{"href":"https:\/\/tavapy.gov.py\/biblioteca\/wp-json\/wp\/v2\/types\/product"}],"replies":[{"embeddable":true,"href":"https:\/\/tavapy.gov.py\/biblioteca\/wp-json\/wp\/v2\/comments?post=3315"}],"wp:featuredmedia":[{"embeddable":true,"href":"https:\/\/tavapy.gov.py\/biblioteca\/wp-json\/wp\/v2\/media\/3170"}],"wp:attachment":[{"href":"https:\/\/tavapy.gov.py\/biblioteca\/wp-json\/wp\/v2\/media?parent=3315"}],"wp:term":[{"taxonomy":"product_cat","embeddable":true,"href":"https:\/\/tavapy.gov.py\/biblioteca\/wp-json\/wp\/v2\/product_cat?post=3315"},{"taxonomy":"product_tag","embeddable":true,"href":"https:\/\/tavapy.gov.py\/biblioteca\/wp-json\/wp\/v2\/product_tag?post=3315"}],"curies":[{"name":"wp","href":"https:\/\/api.w.org\/{rel}","templated":true}]}}