{"id":3363,"date":"2022-03-27T15:53:48","date_gmt":"2022-03-27T15:53:48","guid":{"rendered":"https:\/\/tavapy.gov.py\/biblioteca\/?post_type=product&#038;p=3363"},"modified":"2022-04-01T20:28:31","modified_gmt":"2022-04-01T20:28:31","slug":"los-hombres-de-celina","status":"publish","type":"product","link":"https:\/\/tavapy.gov.py\/biblioteca\/product\/los-hombres-de-celina\/","title":{"rendered":"LOS HOMBRES DE CELINA."},"content":{"rendered":"","protected":false},"excerpt":{"rendered":"<p>Esta obra escrita en el a\u00f1o 1.981, trata de un hombre llamado Carlos Salcedo que va a la capital del pa\u00eds, Asunci\u00f3n del Paraguay, en b\u00fasqueda de mejores horizontes.<\/p>\n<p>Con el pasar del tiempo este hombre encuentra a Celina, una mujer que a pesar de las dificultades que le presenta la vida, sigue adelante junto a su primo y amante S\u00f3crates. Ellos ayudan a Carlos, de dan abrigo y le ayudan a formarse. Carlos aprende con la ayuda de Celina a hablar en ingl\u00e9s y franc\u00e9s y estudiar dactilograf\u00eda.<\/p>\n<p>Los hombres de Celina es una obra que nos lleva a un mundo en el cual la ambici\u00f3n, la codicia y la soberbia destruyen la vida de un hombre y por consecuencia la vida de Celina, que lucho hasta el \u00faltimo momento por su \u00a0\u201chijo ficticio\u201d.<\/p>\n<p><a href=\"https:\/\/tavapy.gov.py\/biblioteca\/wp-content\/uploads\/2022\/03\/Halley-MoraM-Los-hombres-de-Celina.pdf\" target=\"_blank\" rel=\"attachment noopener wp-att-3564\"><img loading=\"lazy\" decoding=\"async\" class=\"size-full wp-image-3564 alignleft\" src=\"https:\/\/tavapy.gov.py\/biblioteca\/wp-content\/uploads\/2022\/03\/icono-PDF-copia-5.png\" alt=\"\" width=\"121\" height=\"140\" \/><\/a><\/p>\n","protected":false},"featured_media":3362,"comment_status":"open","ping_status":"closed","template":"","meta":{"spay_email":""},"product_cat":[57],"product_tag":[],"class_list":{"0":"post-3363","1":"product","2":"type-product","3":"status-publish","4":"has-post-thumbnail","6":"book_author-mario-halley-mora","7":"product_cat-novela","8":"entry"},"_links":{"self":[{"href":"https:\/\/tavapy.gov.py\/biblioteca\/wp-json\/wp\/v2\/product\/3363","targetHints":{"allow":["GET"]}}],"collection":[{"href":"https:\/\/tavapy.gov.py\/biblioteca\/wp-json\/wp\/v2\/product"}],"about":[{"href":"https:\/\/tavapy.gov.py\/biblioteca\/wp-json\/wp\/v2\/types\/product"}],"replies":[{"embeddable":true,"href":"https:\/\/tavapy.gov.py\/biblioteca\/wp-json\/wp\/v2\/comments?post=3363"}],"wp:featuredmedia":[{"embeddable":true,"href":"https:\/\/tavapy.gov.py\/biblioteca\/wp-json\/wp\/v2\/media\/3362"}],"wp:attachment":[{"href":"https:\/\/tavapy.gov.py\/biblioteca\/wp-json\/wp\/v2\/media?parent=3363"}],"wp:term":[{"taxonomy":"product_cat","embeddable":true,"href":"https:\/\/tavapy.gov.py\/biblioteca\/wp-json\/wp\/v2\/product_cat?post=3363"},{"taxonomy":"product_tag","embeddable":true,"href":"https:\/\/tavapy.gov.py\/biblioteca\/wp-json\/wp\/v2\/product_tag?post=3363"}],"curies":[{"name":"wp","href":"https:\/\/api.w.org\/{rel}","templated":true}]}}