{"id":3368,"date":"2022-03-27T16:47:49","date_gmt":"2022-03-27T16:47:49","guid":{"rendered":"https:\/\/tavapy.gov.py\/biblioteca\/?post_type=product&#038;p=3368"},"modified":"2024-04-25T15:42:30","modified_gmt":"2024-04-25T15:42:30","slug":"el-paraguayo-un-hombre-fuera-de-su-mundo","status":"publish","type":"product","link":"https:\/\/tavapy.gov.py\/biblioteca\/product\/el-paraguayo-un-hombre-fuera-de-su-mundo\/","title":{"rendered":"EL PARAGUAYO, UN HOMBRE FUERA DE SU MUNDO."},"content":{"rendered":"","protected":false},"excerpt":{"rendered":"<p>\u00abEl paraguayo, un hombre fuera de su mundo\u00bb, obra escrita en el a\u00f1o 2.000, es fruto de las observaciones, el estudio y la reflexi\u00f3n de su autor el sacerdote Saro Vera, sobre la sociedad y la cultura del paraguayo.<\/p>\n<p>La preocupaci\u00f3n dominante del escrito ser\u00e1 la de dar explicaci\u00f3n y sentido a tantos comportamientos del paraguayo, hasta aparentemente rid\u00edculos algunas veces, pero que existen, se dan. Y entonces Saro Vera incursiona en el mundo de la CULTURA, HACE CULTURA y todo lo que pudiese ayudarle a comprender a su pueblo para poder SERVIRLO.<\/p>\n<p>No lo hace como \u00abhobby\u00bb como algunos piensan. Lo hace por una profunda VOCACI\u00d3N DE SERVICIO. El problema cultural no es sencillo. Si se quiere conocer al paraguayo, dir\u00e1, se debe considerar los factores o elementos que est\u00e1n en el trasfondo de su comportamiento.<\/p>\n<p>Saro Vera describe de forma magistral el comportamiento del paraguayo y sus matices peculiares, enmarcados siempre dentro de una cultura tribal.<\/p>\n<p><a href=\"https:\/\/tavapy.gov.py\/biblioteca\/wp-content\/uploads\/2022\/03\/VeraS-El-paraguayo-un-hombre-fuera-de-su-mund.pdf\" target=\"_blank\" rel=\"attachment noopener wp-att-3564\"><img loading=\"lazy\" decoding=\"async\" class=\"size-full wp-image-3564 alignleft\" src=\"https:\/\/tavapy.gov.py\/biblioteca\/wp-content\/uploads\/2022\/03\/icono-PDF-copia-5.png\" alt=\"\" width=\"121\" height=\"140\" \/><\/a><\/p>\n","protected":false},"featured_media":3369,"comment_status":"open","ping_status":"closed","template":"","meta":{"spay_email":""},"product_cat":[139],"product_tag":[],"class_list":{"0":"post-3368","1":"product","2":"type-product","3":"status-publish","4":"has-post-thumbnail","6":"book_author-saro-vera","7":"product_cat-sociedad-y-cultura","8":"entry"},"_links":{"self":[{"href":"https:\/\/tavapy.gov.py\/biblioteca\/wp-json\/wp\/v2\/product\/3368","targetHints":{"allow":["GET"]}}],"collection":[{"href":"https:\/\/tavapy.gov.py\/biblioteca\/wp-json\/wp\/v2\/product"}],"about":[{"href":"https:\/\/tavapy.gov.py\/biblioteca\/wp-json\/wp\/v2\/types\/product"}],"replies":[{"embeddable":true,"href":"https:\/\/tavapy.gov.py\/biblioteca\/wp-json\/wp\/v2\/comments?post=3368"}],"wp:featuredmedia":[{"embeddable":true,"href":"https:\/\/tavapy.gov.py\/biblioteca\/wp-json\/wp\/v2\/media\/3369"}],"wp:attachment":[{"href":"https:\/\/tavapy.gov.py\/biblioteca\/wp-json\/wp\/v2\/media?parent=3368"}],"wp:term":[{"taxonomy":"product_cat","embeddable":true,"href":"https:\/\/tavapy.gov.py\/biblioteca\/wp-json\/wp\/v2\/product_cat?post=3368"},{"taxonomy":"product_tag","embeddable":true,"href":"https:\/\/tavapy.gov.py\/biblioteca\/wp-json\/wp\/v2\/product_tag?post=3368"}],"curies":[{"name":"wp","href":"https:\/\/api.w.org\/{rel}","templated":true}]}}