{"id":3383,"date":"2022-03-27T20:12:48","date_gmt":"2022-03-27T20:12:48","guid":{"rendered":"https:\/\/tavapy.gov.py\/biblioteca\/?post_type=product&#038;p=3383"},"modified":"2022-04-10T22:01:38","modified_gmt":"2022-04-10T22:01:38","slug":"memorias-del-fuego-i-los-nacimientos","status":"publish","type":"product","link":"https:\/\/tavapy.gov.py\/biblioteca\/product\/memorias-del-fuego-i-los-nacimientos\/","title":{"rendered":"MEMORIAS DEL FUEGO I: LOS NACIMIENTOS."},"content":{"rendered":"","protected":false},"excerpt":{"rendered":"<p>Una obra de creaci\u00f3n literaria, concebida como una trilog\u00eda, en la que el autor, propone relatar la historia menos conocida de Am\u00e9rica Latina en un proyecto de gran alcance social e hist\u00f3rico. El primer volumen, Memoria del fuego I: Los nacimientos, se despliega a trav\u00e9s de los mitos ind\u00edgenas de fundaci\u00f3n y alcanza hasta el a\u00f1o 1700 y fue escrita en 1.982.<\/p>\n<p>A trav\u00e9s de sus p\u00e1ginas, el autor uruguayo de Las venas abiertas de Am\u00e9rica Latina da cuenta de las civilizaciones aut\u00f3ctonas americanas antes del desembarco de los colonos europeos en estas tierras y tras su llegada, y lo hace con relatos cortos, de una p\u00e1gina o menos utilizando prosa y prosa po\u00e9tica.<\/p>\n<p><a href=\"https:\/\/tavapy.gov.py\/biblioteca\/wp-content\/uploads\/2022\/03\/GaleanoE_Memoria_del_fuego_I-1.pdf\" target=\"_blank\" rel=\"attachment noopener wp-att-3564\"><img loading=\"lazy\" decoding=\"async\" class=\"size-full wp-image-3564 alignleft\" src=\"https:\/\/tavapy.gov.py\/biblioteca\/wp-content\/uploads\/2022\/03\/icono-PDF-copia-5.png\" alt=\"\" width=\"121\" height=\"140\" \/><\/a><\/p>\n","protected":false},"featured_media":3381,"comment_status":"open","ping_status":"closed","template":"","meta":{"spay_email":""},"product_cat":[296],"product_tag":[],"class_list":{"0":"post-3383","1":"product","2":"type-product","3":"status-publish","4":"has-post-thumbnail","6":"book_author-eduardo-galeano","7":"product_cat-novela-historica","8":"entry"},"_links":{"self":[{"href":"https:\/\/tavapy.gov.py\/biblioteca\/wp-json\/wp\/v2\/product\/3383","targetHints":{"allow":["GET"]}}],"collection":[{"href":"https:\/\/tavapy.gov.py\/biblioteca\/wp-json\/wp\/v2\/product"}],"about":[{"href":"https:\/\/tavapy.gov.py\/biblioteca\/wp-json\/wp\/v2\/types\/product"}],"replies":[{"embeddable":true,"href":"https:\/\/tavapy.gov.py\/biblioteca\/wp-json\/wp\/v2\/comments?post=3383"}],"wp:featuredmedia":[{"embeddable":true,"href":"https:\/\/tavapy.gov.py\/biblioteca\/wp-json\/wp\/v2\/media\/3381"}],"wp:attachment":[{"href":"https:\/\/tavapy.gov.py\/biblioteca\/wp-json\/wp\/v2\/media?parent=3383"}],"wp:term":[{"taxonomy":"product_cat","embeddable":true,"href":"https:\/\/tavapy.gov.py\/biblioteca\/wp-json\/wp\/v2\/product_cat?post=3383"},{"taxonomy":"product_tag","embeddable":true,"href":"https:\/\/tavapy.gov.py\/biblioteca\/wp-json\/wp\/v2\/product_tag?post=3383"}],"curies":[{"name":"wp","href":"https:\/\/api.w.org\/{rel}","templated":true}]}}