{"id":3436,"date":"2022-03-28T03:44:33","date_gmt":"2022-03-28T03:44:33","guid":{"rendered":"https:\/\/tavapy.gov.py\/biblioteca\/?post_type=product&#038;p=3436"},"modified":"2022-04-07T00:46:22","modified_gmt":"2022-04-07T00:46:22","slug":"el-nombre-de-la-rosa","status":"publish","type":"product","link":"https:\/\/tavapy.gov.py\/biblioteca\/product\/el-nombre-de-la-rosa\/","title":{"rendered":"EL NOMBRE DE LA ROSA."},"content":{"rendered":"","protected":false},"excerpt":{"rendered":"<p>Vali\u00e9ndose de las caracter\u00edsticas de la novela g\u00f3tica, la cr\u00f3nica medieval y la novela polic\u00edaca, El nombre de la rosa, obra escrita en 1.980 narra las investigaciones detectivescas que realiza el fraile franciscano Guillermo de Baskerville para esclarecer los cr\u00edmenes cometidos en una abad\u00eda benedictina en el a\u00f1o 1327.<\/p>\n<p>Le ayudar\u00e1 en su labor el novicio Adso, un joven que se enfrenta por primera vez a las realidades de la vida situadas m\u00e1s all\u00e1 de las puertas del convento.<\/p>\n<p>En esta primera y brillante incursi\u00f3n de Umberto Eco en el mundo de la narrativa, que dio lugar a una manera de concebir la novela hist\u00f3rica, el lector disfrutar\u00e1 de una trama apasionante y una admirable reconstrucci\u00f3n de una \u00e9poca especialmente conflictiva de la historia de Occidente.<\/p>\n<p><a href=\"https:\/\/tavapy.gov.py\/biblioteca\/wp-content\/uploads\/2022\/03\/EcoU-El-nombre-de-la-rosa.pdf\" target=\"_blank\" rel=\"attachment noopener wp-att-3564\"><img loading=\"lazy\" decoding=\"async\" class=\"size-full wp-image-3564 alignleft\" src=\"https:\/\/tavapy.gov.py\/biblioteca\/wp-content\/uploads\/2022\/03\/icono-PDF-copia-5.png\" alt=\"\" width=\"121\" height=\"140\" \/><\/a><\/p>\n","protected":false},"featured_media":3417,"comment_status":"open","ping_status":"closed","template":"","meta":{"spay_email":""},"product_cat":[296],"product_tag":[],"class_list":{"0":"post-3436","1":"product","2":"type-product","3":"status-publish","4":"has-post-thumbnail","6":"book_author-umberto-eco","7":"product_cat-novela-historica","8":"entry"},"_links":{"self":[{"href":"https:\/\/tavapy.gov.py\/biblioteca\/wp-json\/wp\/v2\/product\/3436","targetHints":{"allow":["GET"]}}],"collection":[{"href":"https:\/\/tavapy.gov.py\/biblioteca\/wp-json\/wp\/v2\/product"}],"about":[{"href":"https:\/\/tavapy.gov.py\/biblioteca\/wp-json\/wp\/v2\/types\/product"}],"replies":[{"embeddable":true,"href":"https:\/\/tavapy.gov.py\/biblioteca\/wp-json\/wp\/v2\/comments?post=3436"}],"wp:featuredmedia":[{"embeddable":true,"href":"https:\/\/tavapy.gov.py\/biblioteca\/wp-json\/wp\/v2\/media\/3417"}],"wp:attachment":[{"href":"https:\/\/tavapy.gov.py\/biblioteca\/wp-json\/wp\/v2\/media?parent=3436"}],"wp:term":[{"taxonomy":"product_cat","embeddable":true,"href":"https:\/\/tavapy.gov.py\/biblioteca\/wp-json\/wp\/v2\/product_cat?post=3436"},{"taxonomy":"product_tag","embeddable":true,"href":"https:\/\/tavapy.gov.py\/biblioteca\/wp-json\/wp\/v2\/product_tag?post=3436"}],"curies":[{"name":"wp","href":"https:\/\/api.w.org\/{rel}","templated":true}]}}