{"id":3503,"date":"2022-03-29T18:01:03","date_gmt":"2022-03-29T18:01:03","guid":{"rendered":"https:\/\/tavapy.gov.py\/biblioteca\/?post_type=product&#038;p=3503"},"modified":"2022-04-07T00:44:29","modified_gmt":"2022-04-07T00:44:29","slug":"sociologia","status":"publish","type":"product","link":"https:\/\/tavapy.gov.py\/biblioteca\/product\/sociologia\/","title":{"rendered":"SOCIOLOG\u00cdA."},"content":{"rendered":"","protected":false},"excerpt":{"rendered":"<p>En una sociedad progresiva y cambiante, como la nuestra, conviene destacar los principios b\u00e1sicos de la ciencia sociol\u00f3gica, punto de partida para desentra\u00f1ar la complejidad de toda la sociedad moderna. Esto explica la amplia difusi\u00f3n que la Sociolog\u00eda de J.H. Fichter, obra escrita en 1.957 y su \u00faltima edici\u00f3n es del 2.008, por su car\u00e1cter vertebrador, ha alcanzado en numerosos pa\u00edses.<\/p>\n<p>M\u00faltiples ediciones castellanas la han convertido en un cl\u00e1sico prestigioso. La primera parte del libro comienza con la unidad m\u00e1s elemental de la sociedad, la persona social, y se extiende luego a grupos y comunidades humanas hasta llegar a la m\u00e1s amplia colectividad, la sociedad global.<\/p>\n<p>La segunda parte se inicia con los componentes culturales esenciales, la combinaci\u00f3n de las pautas y los roles como normas de conducta, hasta llegar a la cultura total. La tercera parte analiza la forma en que la sociedad y la cultura, y sus componentes, est\u00e1n ineludiblemente entrelazados en el sistema sociocultural.<\/p>\n<p>De este modo la Sociolog\u00eda, como tratado sistem\u00e1tico, estudia todos los conceptos fundamentales, que abarcan desde la persona humana hasta la colectividad m\u00e1s amplia, de tal forma que el lector percibe el sistema como un todo integral.<\/p>\n<p><a href=\"https:\/\/tavapy.gov.py\/biblioteca\/wp-content\/uploads\/2022\/03\/GiddensA-Sociologia-1.pdf\" target=\"_blank\" rel=\"attachment noopener wp-att-3564\"><img loading=\"lazy\" decoding=\"async\" class=\"size-full wp-image-3564 alignleft\" src=\"https:\/\/tavapy.gov.py\/biblioteca\/wp-content\/uploads\/2022\/03\/icono-PDF-copia-5.png\" alt=\"\" width=\"121\" height=\"140\" \/><\/a><\/p>\n","protected":false},"featured_media":3498,"comment_status":"open","ping_status":"closed","template":"","meta":{"spay_email":""},"product_cat":[70],"product_tag":[],"class_list":{"0":"post-3503","1":"product","2":"type-product","3":"status-publish","4":"has-post-thumbnail","6":"book_author-joseph-fichter","7":"product_cat-sociologia","8":"entry"},"_links":{"self":[{"href":"https:\/\/tavapy.gov.py\/biblioteca\/wp-json\/wp\/v2\/product\/3503","targetHints":{"allow":["GET"]}}],"collection":[{"href":"https:\/\/tavapy.gov.py\/biblioteca\/wp-json\/wp\/v2\/product"}],"about":[{"href":"https:\/\/tavapy.gov.py\/biblioteca\/wp-json\/wp\/v2\/types\/product"}],"replies":[{"embeddable":true,"href":"https:\/\/tavapy.gov.py\/biblioteca\/wp-json\/wp\/v2\/comments?post=3503"}],"wp:featuredmedia":[{"embeddable":true,"href":"https:\/\/tavapy.gov.py\/biblioteca\/wp-json\/wp\/v2\/media\/3498"}],"wp:attachment":[{"href":"https:\/\/tavapy.gov.py\/biblioteca\/wp-json\/wp\/v2\/media?parent=3503"}],"wp:term":[{"taxonomy":"product_cat","embeddable":true,"href":"https:\/\/tavapy.gov.py\/biblioteca\/wp-json\/wp\/v2\/product_cat?post=3503"},{"taxonomy":"product_tag","embeddable":true,"href":"https:\/\/tavapy.gov.py\/biblioteca\/wp-json\/wp\/v2\/product_tag?post=3503"}],"curies":[{"name":"wp","href":"https:\/\/api.w.org\/{rel}","templated":true}]}}