{"id":3508,"date":"2022-03-29T18:57:15","date_gmt":"2022-03-29T18:57:15","guid":{"rendered":"https:\/\/tavapy.gov.py\/biblioteca\/?post_type=product&#038;p=3508"},"modified":"2022-04-01T16:43:18","modified_gmt":"2022-04-01T16:43:18","slug":"en-busca-de-la-felicidad","status":"publish","type":"product","link":"https:\/\/tavapy.gov.py\/biblioteca\/product\/en-busca-de-la-felicidad\/","title":{"rendered":"EN BUSCA DE LA FELICIDAD."},"content":{"rendered":"","protected":false},"excerpt":{"rendered":"<p>Todos aspiramos a la felicidad, pero \u00bfc\u00f3mo encontrarla, conservarla e incluso definirla?<\/p>\n<p>A esta cuesti\u00f3n filos\u00f3fica por excelencia, tratada por el pensamiento occidental con una mezcla de pesimismo y burla, Matthieu Ricard aporta la respuesta del budismo, una respuesta exigente pero tranquilizadora, optimista y accesible a todos.<\/p>\n<p>Dejar de buscar a toda costa la felicidad fuera de nosotros, aprender a mirar en nuestro interior, pero a mirarnos un poco menos a nosotros mismos, familiarizarnos con una visi\u00f3n a la vez m\u00e1s meditativa y m\u00e1s altruista del mundo&#8230;<\/p>\n<p>Con el bagaje de su doble cultura, de su experiencia como monje, de su relaci\u00f3n con los m\u00e1s grandes sabios, de su conocimiento de los textos sagrados, as\u00ed como del sufrimiento de los hombres, el embajador m\u00e1s popular y reconocido del budismo en Francia nos propone en esta obra escrita en el 2.003, una reflexi\u00f3n apasionante sobre el camino de la aut\u00e9ntica felicidad y los medios para alcanzarla.<\/p>\n<p><a href=\"https:\/\/tavapy.gov.py\/biblioteca\/wp-content\/uploads\/2022\/03\/RicardM-En-defensa-de-la-felicidad.pdf\" target=\"_blank\" rel=\"attachment noopener wp-att-3564\"><img loading=\"lazy\" decoding=\"async\" class=\"size-full wp-image-3564 alignleft\" src=\"https:\/\/tavapy.gov.py\/biblioteca\/wp-content\/uploads\/2022\/03\/icono-PDF-copia-5.png\" alt=\"\" width=\"121\" height=\"140\" \/><\/a><\/p>\n","protected":false},"featured_media":3490,"comment_status":"open","ping_status":"closed","template":"","meta":{"spay_email":""},"product_cat":[166],"product_tag":[167],"class_list":{"0":"post-3508","1":"product","2":"type-product","3":"status-publish","4":"has-post-thumbnail","6":"book_author-matthieu-ricard","7":"product_cat-perspectiva-budista","8":"product_tag-matthieu-ricard","9":"entry"},"_links":{"self":[{"href":"https:\/\/tavapy.gov.py\/biblioteca\/wp-json\/wp\/v2\/product\/3508","targetHints":{"allow":["GET"]}}],"collection":[{"href":"https:\/\/tavapy.gov.py\/biblioteca\/wp-json\/wp\/v2\/product"}],"about":[{"href":"https:\/\/tavapy.gov.py\/biblioteca\/wp-json\/wp\/v2\/types\/product"}],"replies":[{"embeddable":true,"href":"https:\/\/tavapy.gov.py\/biblioteca\/wp-json\/wp\/v2\/comments?post=3508"}],"wp:featuredmedia":[{"embeddable":true,"href":"https:\/\/tavapy.gov.py\/biblioteca\/wp-json\/wp\/v2\/media\/3490"}],"wp:attachment":[{"href":"https:\/\/tavapy.gov.py\/biblioteca\/wp-json\/wp\/v2\/media?parent=3508"}],"wp:term":[{"taxonomy":"product_cat","embeddable":true,"href":"https:\/\/tavapy.gov.py\/biblioteca\/wp-json\/wp\/v2\/product_cat?post=3508"},{"taxonomy":"product_tag","embeddable":true,"href":"https:\/\/tavapy.gov.py\/biblioteca\/wp-json\/wp\/v2\/product_tag?post=3508"}],"curies":[{"name":"wp","href":"https:\/\/api.w.org\/{rel}","templated":true}]}}