{"id":3510,"date":"2022-03-29T19:03:51","date_gmt":"2022-03-29T19:03:51","guid":{"rendered":"https:\/\/tavapy.gov.py\/biblioteca\/?post_type=product&#038;p=3510"},"modified":"2023-09-20T02:20:18","modified_gmt":"2023-09-20T02:20:18","slug":"la-biologia-de-la-creencia","status":"publish","type":"product","link":"https:\/\/tavapy.gov.py\/biblioteca\/product\/la-biologia-de-la-creencia\/","title":{"rendered":"LA BIOLOG\u00cdA DE LA CREENCIA."},"content":{"rendered":"","protected":false},"excerpt":{"rendered":"<p>La biolog\u00eda de la creencia, escrito en el 2.005 es un libro revolucionario en el campo de la biolog\u00eda moderna.<\/p>\n<p>Su autor, Bruce Lipton un prestigioso bi\u00f3logo celular, describe con precisi\u00f3n las rutas moleculares a trav\u00e9s de las que nuestras c\u00e9lulas se ven afectadas por nuestros pensamientos gracias a los efectos bioqu\u00edmicos de las funciones cerebrales.<\/p>\n<p>Con lenguaje sencillo, m\u00faltiples ilustraciones, humor y ejemplos actuales, el doctor Lipton explica que los genes y el ADN no controlan nuestra biolog\u00eda; sino que es el ADN el que est\u00e1 controlado por las se\u00f1ales procedentes del medio externo celular, entre las que destacan los poderosos mensajes que provienen de nuestros pensamientos positivos y negativos.<\/p>\n<p>De esta manera, nuestro cuerpo puede cambiar realmente si reeducamos nuestra forma de pensar.<\/p>\n<p><a href=\"https:\/\/tavapy.gov.py\/biblioteca\/wp-content\/uploads\/2022\/03\/LiptonB-La-biologia-de-la-creencia-1.pdf\" target=\"_blank\" rel=\"attachment noopener wp-att-3564\"><img loading=\"lazy\" decoding=\"async\" class=\"size-full wp-image-3564 alignleft\" src=\"https:\/\/tavapy.gov.py\/biblioteca\/wp-content\/uploads\/2022\/03\/icono-PDF-copia-5.png\" alt=\"\" width=\"121\" height=\"140\" \/><\/a><\/p>\n","protected":false},"featured_media":3486,"comment_status":"open","ping_status":"closed","template":"","meta":{"spay_email":""},"product_cat":[177],"product_tag":[],"class_list":{"0":"post-3510","1":"product","2":"type-product","3":"status-publish","4":"has-post-thumbnail","6":"book_author-bruce-lipton","7":"product_cat-biologia-moderna","8":"entry"},"_links":{"self":[{"href":"https:\/\/tavapy.gov.py\/biblioteca\/wp-json\/wp\/v2\/product\/3510","targetHints":{"allow":["GET"]}}],"collection":[{"href":"https:\/\/tavapy.gov.py\/biblioteca\/wp-json\/wp\/v2\/product"}],"about":[{"href":"https:\/\/tavapy.gov.py\/biblioteca\/wp-json\/wp\/v2\/types\/product"}],"replies":[{"embeddable":true,"href":"https:\/\/tavapy.gov.py\/biblioteca\/wp-json\/wp\/v2\/comments?post=3510"}],"wp:featuredmedia":[{"embeddable":true,"href":"https:\/\/tavapy.gov.py\/biblioteca\/wp-json\/wp\/v2\/media\/3486"}],"wp:attachment":[{"href":"https:\/\/tavapy.gov.py\/biblioteca\/wp-json\/wp\/v2\/media?parent=3510"}],"wp:term":[{"taxonomy":"product_cat","embeddable":true,"href":"https:\/\/tavapy.gov.py\/biblioteca\/wp-json\/wp\/v2\/product_cat?post=3510"},{"taxonomy":"product_tag","embeddable":true,"href":"https:\/\/tavapy.gov.py\/biblioteca\/wp-json\/wp\/v2\/product_tag?post=3510"}],"curies":[{"name":"wp","href":"https:\/\/api.w.org\/{rel}","templated":true}]}}