{"id":3516,"date":"2022-03-29T19:28:16","date_gmt":"2022-03-29T19:28:16","guid":{"rendered":"https:\/\/tavapy.gov.py\/biblioteca\/?post_type=product&#038;p=3516"},"modified":"2022-04-01T14:44:59","modified_gmt":"2022-04-01T14:44:59","slug":"los-borgia-la-primera-gran-familia-del-crimen","status":"publish","type":"product","link":"https:\/\/tavapy.gov.py\/biblioteca\/product\/los-borgia-la-primera-gran-familia-del-crimen\/","title":{"rendered":"LOS BORGIA: LA PRIMERA GRAN FAMILIA DEL CRIMEN."},"content":{"rendered":"","protected":false},"excerpt":{"rendered":"<p>Mientras la peste negra asolaba Europa, una nueva cultura empezaba a florecer en las ciudades y se iniciaba una \u00e9poca de esplendor para las artes, las letras y las ciencias. En Roma, la restauraci\u00f3n del trono papal \u00fanico auguraba una nueva etapa de poder y fausto, pero la corrupci\u00f3n amenazaba a la Iglesia.<\/p>\n<p>Altos mandatarios eclesi\u00e1sticos visitaban los burdeles, manten\u00edan a varias amantes, aceptaban sobornos y comerciaban con las bulas. As\u00ed era la vida en el Renacimiento.<\/p>\n<p>As\u00ed era el mundo de Alejandro VI, el Papa Borgia, y de sus hijos C\u00e9sar, Juan, Lucrecia y Jofre. \u00c9sta es su historia retratada en esta obra escrita en 2.001, historia fascinante de una familia cuya ambici\u00f3n y sed de poder la llevar\u00eda a la cima del mundo, y la cr\u00f3nica del alto precio que pagaron por ello.<\/p>\n<p><a href=\"https:\/\/tavapy.gov.py\/biblioteca\/wp-content\/uploads\/2022\/04\/PuzoM-Los-Borgia.pdf\" target=\"_blank\" rel=\"attachment noopener wp-att-3564\"><img loading=\"lazy\" decoding=\"async\" class=\"size-full wp-image-3564 alignleft\" src=\"https:\/\/tavapy.gov.py\/biblioteca\/wp-content\/uploads\/2022\/03\/icono-PDF-copia-5.png\" alt=\"\" width=\"121\" height=\"140\" \/><\/a><\/p>\n","protected":false},"featured_media":3475,"comment_status":"open","ping_status":"closed","template":"","meta":{"spay_email":""},"product_cat":[57],"product_tag":[],"class_list":{"0":"post-3516","1":"product","2":"type-product","3":"status-publish","4":"has-post-thumbnail","6":"book_author-mario-puzo","7":"product_cat-novela","8":"entry"},"_links":{"self":[{"href":"https:\/\/tavapy.gov.py\/biblioteca\/wp-json\/wp\/v2\/product\/3516","targetHints":{"allow":["GET"]}}],"collection":[{"href":"https:\/\/tavapy.gov.py\/biblioteca\/wp-json\/wp\/v2\/product"}],"about":[{"href":"https:\/\/tavapy.gov.py\/biblioteca\/wp-json\/wp\/v2\/types\/product"}],"replies":[{"embeddable":true,"href":"https:\/\/tavapy.gov.py\/biblioteca\/wp-json\/wp\/v2\/comments?post=3516"}],"wp:featuredmedia":[{"embeddable":true,"href":"https:\/\/tavapy.gov.py\/biblioteca\/wp-json\/wp\/v2\/media\/3475"}],"wp:attachment":[{"href":"https:\/\/tavapy.gov.py\/biblioteca\/wp-json\/wp\/v2\/media?parent=3516"}],"wp:term":[{"taxonomy":"product_cat","embeddable":true,"href":"https:\/\/tavapy.gov.py\/biblioteca\/wp-json\/wp\/v2\/product_cat?post=3516"},{"taxonomy":"product_tag","embeddable":true,"href":"https:\/\/tavapy.gov.py\/biblioteca\/wp-json\/wp\/v2\/product_tag?post=3516"}],"curies":[{"name":"wp","href":"https:\/\/api.w.org\/{rel}","templated":true}]}}