{"id":3530,"date":"2022-03-29T20:07:25","date_gmt":"2022-03-29T20:07:25","guid":{"rendered":"https:\/\/tavapy.gov.py\/biblioteca\/?post_type=product&#038;p=3530"},"modified":"2022-04-01T14:10:06","modified_gmt":"2022-04-01T14:10:06","slug":"la-red-de-la-expansion-humana","status":"publish","type":"product","link":"https:\/\/tavapy.gov.py\/biblioteca\/product\/la-red-de-la-expansion-humana\/","title":{"rendered":"LA RED DE LA EXPANSI\u00d3N HUMANA."},"content":{"rendered":"","protected":false},"excerpt":{"rendered":"<p>\u00bfA qu\u00e9 se debe la portentosa expansi\u00f3n de la sociedad humana?<\/p>\n<p>En esta obra escrita en el 2.007, el autor sostiene que toda estructura social es una estructura de poder que act\u00faa dependiendo de la din\u00e1mica de los flujos energ\u00e9ticos que la constituyen. Concebirla como un sistema disipativo permite entender el poder como una derivaci\u00f3n espec\u00edficamente humana del control sobre los procesos energ\u00e9ticos: mientras mayor manejo se tiene del complejo de energ\u00eda-materia-informaci\u00f3n, mayor es la concentraci\u00f3n del poder.<\/p>\n<p>El resultado es contradictorio: el desarrollo da lugar a la marginaci\u00f3n de amplias capas de la poblaci\u00f3n y a la expoliaci\u00f3n de los ecosistemas de los que depende la sociedad. Los avances culturales contrastan con una notable incapacidad de los Estados-naci\u00f3n para asegurar la supervivencia de sus poblaciones en condiciones dignas de seres humanos.<\/p>\n<p>\u00bfPueden remediarse los peligros de la adicci\u00f3n a los combustibles f\u00f3siles de la civilizaci\u00f3n de la m\u00e1quina?<\/p>\n<p>&nbsp;<\/p>\n<p><a href=\"https:\/\/tavapy.gov.py\/biblioteca\/wp-content\/uploads\/2022\/03\/AdamsR-La_red-de-la-expansion-humana.pdf\" target=\"_blank\" rel=\"attachment noopener wp-att-3564\"><img loading=\"lazy\" decoding=\"async\" class=\"size-full wp-image-3564 alignleft\" src=\"https:\/\/tavapy.gov.py\/biblioteca\/wp-content\/uploads\/2022\/03\/icono-PDF-copia-5.png\" alt=\"\" width=\"121\" height=\"140\" \/><\/a><\/p>\n","protected":false},"featured_media":3453,"comment_status":"open","ping_status":"closed","template":"","meta":{"spay_email":""},"product_cat":[116],"product_tag":[],"class_list":{"0":"post-3530","1":"product","2":"type-product","3":"status-publish","4":"has-post-thumbnail","6":"book_author-richard-adams","7":"product_cat-antropologia-socio-cultural","8":"entry"},"_links":{"self":[{"href":"https:\/\/tavapy.gov.py\/biblioteca\/wp-json\/wp\/v2\/product\/3530","targetHints":{"allow":["GET"]}}],"collection":[{"href":"https:\/\/tavapy.gov.py\/biblioteca\/wp-json\/wp\/v2\/product"}],"about":[{"href":"https:\/\/tavapy.gov.py\/biblioteca\/wp-json\/wp\/v2\/types\/product"}],"replies":[{"embeddable":true,"href":"https:\/\/tavapy.gov.py\/biblioteca\/wp-json\/wp\/v2\/comments?post=3530"}],"wp:featuredmedia":[{"embeddable":true,"href":"https:\/\/tavapy.gov.py\/biblioteca\/wp-json\/wp\/v2\/media\/3453"}],"wp:attachment":[{"href":"https:\/\/tavapy.gov.py\/biblioteca\/wp-json\/wp\/v2\/media?parent=3530"}],"wp:term":[{"taxonomy":"product_cat","embeddable":true,"href":"https:\/\/tavapy.gov.py\/biblioteca\/wp-json\/wp\/v2\/product_cat?post=3530"},{"taxonomy":"product_tag","embeddable":true,"href":"https:\/\/tavapy.gov.py\/biblioteca\/wp-json\/wp\/v2\/product_tag?post=3530"}],"curies":[{"name":"wp","href":"https:\/\/api.w.org\/{rel}","templated":true}]}}