{"id":3593,"date":"2022-03-30T22:35:47","date_gmt":"2022-03-30T22:35:47","guid":{"rendered":"https:\/\/tavapy.gov.py\/biblioteca\/?post_type=product&#038;p=3593"},"modified":"2022-04-01T13:23:53","modified_gmt":"2022-04-01T13:23:53","slug":"harry-potter-y-el-caliz-de-fuego","status":"publish","type":"product","link":"https:\/\/tavapy.gov.py\/biblioteca\/product\/harry-potter-y-el-caliz-de-fuego\/","title":{"rendered":"HARRY POTTER Y EL C\u00c1LIZ DE FUEGO (LIBRO IV)."},"content":{"rendered":"","protected":false},"excerpt":{"rendered":"<p>Harry Potter y el c\u00e1liz de fuego es la cuarta entrega de la serie fant\u00e1stica de la autora brit\u00e1nica J.K. Rowling y fue escrita en el a\u00f1o 2.000.<\/p>\n<p>\u00abHabr\u00e1 tres pruebas, espaciadas en el curso escolar, que medir\u00e1n a los campeones en muchos aspectos diferentes: sus habilidades m\u00e1gicas, su osad\u00eda, sus dotes de deducci\u00f3n y, por supuesto, su capacidad para sortear el peligro.\u00bb<\/p>\n<p>Se va a celebrar en Hogwarts el Torneo de los Tres Magos. S\u00f3lo los alumnos mayores de diecisiete a\u00f1os pueden participar en esta competici\u00f3n, pero, aun as\u00ed, Harry sue\u00f1a con ganarla. En Halloween, cuando el c\u00e1liz de fuego elige a los campeones, Harry se lleva una sorpresa al ver que su nombre es uno de los escogidos por el c\u00e1liz m\u00e1gico.<\/p>\n<p>&nbsp;<\/p>\n<p>Durante el torneo deber\u00e1 enfrentarse a desaf\u00edos mortales, dragones y magos tenebrosos, pero con la ayuda de Ron y Hermione, sus mejores amigos, \u00a1quiz\u00e1 logre salir con vida!<\/p>\n<p><a href=\"https:\/\/tavapy.gov.py\/biblioteca\/wp-content\/uploads\/2022\/03\/RowlingJ-Harry-Potter-y-el-caliz-de-fuego-IV.pdf\" target=\"_blank\" rel=\"attachment noopener wp-att-3564\"><img loading=\"lazy\" decoding=\"async\" class=\"size-full wp-image-3564 alignleft\" src=\"https:\/\/tavapy.gov.py\/biblioteca\/wp-content\/uploads\/2022\/03\/icono-PDF-copia-5.png\" alt=\"\" width=\"121\" height=\"140\" \/><\/a><\/p>\n","protected":false},"featured_media":3575,"comment_status":"open","ping_status":"closed","template":"","meta":{"spay_email":""},"product_cat":[57],"product_tag":[],"class_list":{"0":"post-3593","1":"product","2":"type-product","3":"status-publish","4":"has-post-thumbnail","6":"book_author-joanne-k-rowling","7":"product_cat-novela","8":"entry"},"_links":{"self":[{"href":"https:\/\/tavapy.gov.py\/biblioteca\/wp-json\/wp\/v2\/product\/3593","targetHints":{"allow":["GET"]}}],"collection":[{"href":"https:\/\/tavapy.gov.py\/biblioteca\/wp-json\/wp\/v2\/product"}],"about":[{"href":"https:\/\/tavapy.gov.py\/biblioteca\/wp-json\/wp\/v2\/types\/product"}],"replies":[{"embeddable":true,"href":"https:\/\/tavapy.gov.py\/biblioteca\/wp-json\/wp\/v2\/comments?post=3593"}],"wp:featuredmedia":[{"embeddable":true,"href":"https:\/\/tavapy.gov.py\/biblioteca\/wp-json\/wp\/v2\/media\/3575"}],"wp:attachment":[{"href":"https:\/\/tavapy.gov.py\/biblioteca\/wp-json\/wp\/v2\/media?parent=3593"}],"wp:term":[{"taxonomy":"product_cat","embeddable":true,"href":"https:\/\/tavapy.gov.py\/biblioteca\/wp-json\/wp\/v2\/product_cat?post=3593"},{"taxonomy":"product_tag","embeddable":true,"href":"https:\/\/tavapy.gov.py\/biblioteca\/wp-json\/wp\/v2\/product_tag?post=3593"}],"curies":[{"name":"wp","href":"https:\/\/api.w.org\/{rel}","templated":true}]}}