{"id":3634,"date":"2022-03-31T03:30:15","date_gmt":"2022-03-31T03:30:15","guid":{"rendered":"https:\/\/tavapy.gov.py\/biblioteca\/?post_type=product&#038;p=3634"},"modified":"2024-05-13T19:03:49","modified_gmt":"2024-05-13T19:03:49","slug":"la-bella-durmiente-del-bosque","status":"publish","type":"product","link":"https:\/\/tavapy.gov.py\/biblioteca\/product\/la-bella-durmiente-del-bosque\/","title":{"rendered":"LA BELLA DURMIENTE DEL BOSQUE."},"content":{"rendered":"","protected":false},"excerpt":{"rendered":"<p>La bella durmiente del bosque es un cuento infantil recopilado en 1697 por el escritor franc\u00e9s Charles Perrault.<\/p>\n<p>El cuento de la bella durmiente nos ense\u00f1a c\u00f3mo el valor y el amor es capaz de cambiar el destino de las personas. La profec\u00eda del hada buena deja a la princesa sumida en un sue\u00f1o de cien a\u00f1os.<\/p>\n<p>Cuando el pr\u00edncipe decide atravesar el bosque y entrar en el castillo, la princesa vuelva a la vida. El episodio con la reina madre tiene un final feliz gracias de nuevo al valor del jefe de cocina y al puntual regreso del joven rey.<\/p>\n<p><a href=\"https:\/\/tavapy.gov.py\/biblioteca\/wp-content\/uploads\/2022\/03\/PerraultC-La-Bella-Durmiente-del-Bosque.pdf\" target=\"_blank\" rel=\"attachment noopener wp-att-3564\"><img loading=\"lazy\" decoding=\"async\" class=\"size-full wp-image-3564 alignleft\" src=\"https:\/\/tavapy.gov.py\/biblioteca\/wp-content\/uploads\/2022\/03\/icono-PDF-copia-5.png\" alt=\"\" width=\"121\" height=\"140\" \/><\/a><\/p>\n","protected":false},"featured_media":3616,"comment_status":"open","ping_status":"closed","template":"","meta":{"spay_email":""},"product_cat":[200],"product_tag":[],"class_list":{"0":"post-3634","1":"product","2":"type-product","3":"status-publish","4":"has-post-thumbnail","6":"book_author-charles-perrault","7":"product_cat-cuento-infantil","8":"entry"},"_links":{"self":[{"href":"https:\/\/tavapy.gov.py\/biblioteca\/wp-json\/wp\/v2\/product\/3634","targetHints":{"allow":["GET"]}}],"collection":[{"href":"https:\/\/tavapy.gov.py\/biblioteca\/wp-json\/wp\/v2\/product"}],"about":[{"href":"https:\/\/tavapy.gov.py\/biblioteca\/wp-json\/wp\/v2\/types\/product"}],"replies":[{"embeddable":true,"href":"https:\/\/tavapy.gov.py\/biblioteca\/wp-json\/wp\/v2\/comments?post=3634"}],"wp:featuredmedia":[{"embeddable":true,"href":"https:\/\/tavapy.gov.py\/biblioteca\/wp-json\/wp\/v2\/media\/3616"}],"wp:attachment":[{"href":"https:\/\/tavapy.gov.py\/biblioteca\/wp-json\/wp\/v2\/media?parent=3634"}],"wp:term":[{"taxonomy":"product_cat","embeddable":true,"href":"https:\/\/tavapy.gov.py\/biblioteca\/wp-json\/wp\/v2\/product_cat?post=3634"},{"taxonomy":"product_tag","embeddable":true,"href":"https:\/\/tavapy.gov.py\/biblioteca\/wp-json\/wp\/v2\/product_tag?post=3634"}],"curies":[{"name":"wp","href":"https:\/\/api.w.org\/{rel}","templated":true}]}}