{"id":3714,"date":"2022-03-31T21:26:45","date_gmt":"2022-03-31T21:26:45","guid":{"rendered":"https:\/\/tavapy.gov.py\/biblioteca\/?post_type=product&#038;p=3714"},"modified":"2022-04-01T02:46:00","modified_gmt":"2022-04-01T02:46:00","slug":"los-hermanos-karamazov","status":"publish","type":"product","link":"https:\/\/tavapy.gov.py\/biblioteca\/product\/los-hermanos-karamazov\/","title":{"rendered":"LOS HERMANOS KARAMAZOV."},"content":{"rendered":"","protected":false},"excerpt":{"rendered":"<p>Fi\u00f3dor P\u00e1vlovich Karam\u00e1zov, un terrateniente borracho, arbitrario y corrompido, tiene cuatro hijos: Dmitri, de car\u00e1cter violento; Iv\u00e1n, un intelectual fr\u00edo y materialista; Aliosha, el hijo peque\u00f1o, pasivo y religioso; y Smerdiakov, el hijo bastardo y resentido.<\/p>\n<p>La novela gira en torno a las relaciones perversas que se establecen entre el padre y los hijos hasta que este es asesinado y su presunto asesino, Dmitri, juzgado y condenado. Odio, amor, crueldad, compasi\u00f3n, sentimientos radicalmente contrarios y enfrentados&#8230;<\/p>\n<p>Este libro de Dostoyevski escrito en 1.879 es considerado como una las obras m\u00e1s importantes de la literatura universal.<\/p>\n<p><a href=\"https:\/\/tavapy.gov.py\/biblioteca\/wp-content\/uploads\/2022\/03\/DostoyevskiF-Los-hermanos-Karamazov.pdf\" target=\"_blank\" rel=\"attachment noopener wp-att-3564\"><img loading=\"lazy\" decoding=\"async\" class=\"size-full wp-image-3564 alignleft\" src=\"https:\/\/tavapy.gov.py\/biblioteca\/wp-content\/uploads\/2022\/03\/icono-PDF-copia-5.png\" alt=\"\" width=\"121\" height=\"140\" \/><\/a><\/p>\n","protected":false},"featured_media":3687,"comment_status":"open","ping_status":"closed","template":"","meta":{"spay_email":""},"product_cat":[57],"product_tag":[],"class_list":{"0":"post-3714","1":"product","2":"type-product","3":"status-publish","4":"has-post-thumbnail","6":"book_author-fiodor-dostoyevski","7":"product_cat-novela","8":"entry"},"_links":{"self":[{"href":"https:\/\/tavapy.gov.py\/biblioteca\/wp-json\/wp\/v2\/product\/3714","targetHints":{"allow":["GET"]}}],"collection":[{"href":"https:\/\/tavapy.gov.py\/biblioteca\/wp-json\/wp\/v2\/product"}],"about":[{"href":"https:\/\/tavapy.gov.py\/biblioteca\/wp-json\/wp\/v2\/types\/product"}],"replies":[{"embeddable":true,"href":"https:\/\/tavapy.gov.py\/biblioteca\/wp-json\/wp\/v2\/comments?post=3714"}],"wp:featuredmedia":[{"embeddable":true,"href":"https:\/\/tavapy.gov.py\/biblioteca\/wp-json\/wp\/v2\/media\/3687"}],"wp:attachment":[{"href":"https:\/\/tavapy.gov.py\/biblioteca\/wp-json\/wp\/v2\/media?parent=3714"}],"wp:term":[{"taxonomy":"product_cat","embeddable":true,"href":"https:\/\/tavapy.gov.py\/biblioteca\/wp-json\/wp\/v2\/product_cat?post=3714"},{"taxonomy":"product_tag","embeddable":true,"href":"https:\/\/tavapy.gov.py\/biblioteca\/wp-json\/wp\/v2\/product_tag?post=3714"}],"curies":[{"name":"wp","href":"https:\/\/api.w.org\/{rel}","templated":true}]}}