{"id":3719,"date":"2022-03-31T22:11:26","date_gmt":"2022-03-31T22:11:26","guid":{"rendered":"https:\/\/tavapy.gov.py\/biblioteca\/?post_type=product&#038;p=3719"},"modified":"2022-04-06T03:43:01","modified_gmt":"2022-04-06T03:43:01","slug":"tener-o-ser","status":"publish","type":"product","link":"https:\/\/tavapy.gov.py\/biblioteca\/product\/tener-o-ser\/","title":{"rendered":"TENER O SER?"},"content":{"rendered":"","protected":false},"excerpt":{"rendered":"<p>Erich Fromm, psicoanalista, psic\u00f3logo social y fil\u00f3sofo humanista, escribi\u00f3 el libro \u00bfTener o ser?, constituyendo un an\u00e1lisis filos\u00f3fico y psicosocial de la sociedad contempor\u00e1nea. En \u00e9l, describe c\u00f3mo las personas y las sociedades han ido evolucionando frente a dos orientaciones, la orientaci\u00f3n del ser y la del tener.<\/p>\n<p>La tesis de Erich Fromm, en \u00bfTener o ser?, obra escrita en 1.976, sostiene que en la sociedad industrial el hombre se ha habituado a vivir en la premisa de que quien no tiene, no es.<\/p>\n<p>Al integrar el psicoan\u00e1lisis con la pol\u00edtica, Erich Fromm aporta en la reflexi\u00f3n y la cr\u00edtica interdisciplinarias del siglo XX, una meditaci\u00f3n hacia el verdadero camino de la esperanza.<\/p>\n<p><a href=\"https:\/\/tavapy.gov.py\/biblioteca\/wp-content\/uploads\/2022\/03\/FrommE-Tener-y-Ser.pdf\" target=\"_blank\" rel=\"attachment noopener wp-att-3564\"><img loading=\"lazy\" decoding=\"async\" class=\"size-full wp-image-3564 alignleft\" src=\"https:\/\/tavapy.gov.py\/biblioteca\/wp-content\/uploads\/2022\/03\/icono-PDF-copia-5.png\" alt=\"\" width=\"121\" height=\"140\" \/><\/a><\/p>\n","protected":false},"featured_media":3677,"comment_status":"open","ping_status":"closed","template":"","meta":{"spay_email":""},"product_cat":[268],"product_tag":[],"class_list":{"0":"post-3719","1":"product","2":"type-product","3":"status-publish","4":"has-post-thumbnail","6":"book_author-erich-fromm","7":"product_cat-filosofia-antropologia","8":"entry"},"_links":{"self":[{"href":"https:\/\/tavapy.gov.py\/biblioteca\/wp-json\/wp\/v2\/product\/3719","targetHints":{"allow":["GET"]}}],"collection":[{"href":"https:\/\/tavapy.gov.py\/biblioteca\/wp-json\/wp\/v2\/product"}],"about":[{"href":"https:\/\/tavapy.gov.py\/biblioteca\/wp-json\/wp\/v2\/types\/product"}],"replies":[{"embeddable":true,"href":"https:\/\/tavapy.gov.py\/biblioteca\/wp-json\/wp\/v2\/comments?post=3719"}],"wp:featuredmedia":[{"embeddable":true,"href":"https:\/\/tavapy.gov.py\/biblioteca\/wp-json\/wp\/v2\/media\/3677"}],"wp:attachment":[{"href":"https:\/\/tavapy.gov.py\/biblioteca\/wp-json\/wp\/v2\/media?parent=3719"}],"wp:term":[{"taxonomy":"product_cat","embeddable":true,"href":"https:\/\/tavapy.gov.py\/biblioteca\/wp-json\/wp\/v2\/product_cat?post=3719"},{"taxonomy":"product_tag","embeddable":true,"href":"https:\/\/tavapy.gov.py\/biblioteca\/wp-json\/wp\/v2\/product_tag?post=3719"}],"curies":[{"name":"wp","href":"https:\/\/api.w.org\/{rel}","templated":true}]}}