{"id":3725,"date":"2022-03-31T22:35:51","date_gmt":"2022-03-31T22:35:51","guid":{"rendered":"https:\/\/tavapy.gov.py\/biblioteca\/?post_type=product&#038;p=3725"},"modified":"2022-04-01T02:16:18","modified_gmt":"2022-04-01T02:16:18","slug":"semillas-de-contemplacion","status":"publish","type":"product","link":"https:\/\/tavapy.gov.py\/biblioteca\/product\/semillas-de-contemplacion\/","title":{"rendered":"SEMILLAS DE CONTEMPLACI\u00d3N."},"content":{"rendered":"","protected":false},"excerpt":{"rendered":"<p>Semillas de contemplaci\u00f3n, obra escrita en 1.949 es una de las obras m\u00e1s le\u00eddas y queridas de Thomas Merton. A juicio de cristianos y no cristianos, Semillas de contemplaci\u00f3n entra de lleno en la l\u00ednea de la tradici\u00f3n meditativa de san Juan de la Cruz, la nube del no saber y los m\u00edsticos medievales.<\/p>\n<p>Su objetivo es despertar las profundidades interiores del esp\u00edritu \u2013que est\u00e1n latentes y han sido ignoradas sistem\u00e1ticamente por el hombre occidental\u2013 para fomentar una dimensi\u00f3n profundamente contemplativa y m\u00edstica en nuestra vida espiritual.<\/p>\n<p><a href=\"https:\/\/tavapy.gov.py\/biblioteca\/wp-content\/uploads\/2022\/03\/MertonT-Semillas-de-contemplacion.pdf\" target=\"_blank\" rel=\"attachment noopener wp-att-3564\"><img loading=\"lazy\" decoding=\"async\" class=\"size-full wp-image-3564 alignleft\" src=\"https:\/\/tavapy.gov.py\/biblioteca\/wp-content\/uploads\/2022\/03\/icono-PDF-copia-5.png\" alt=\"\" width=\"121\" height=\"140\" \/><\/a><\/p>\n","protected":false},"featured_media":3663,"comment_status":"open","ping_status":"closed","template":"","meta":{"spay_email":""},"product_cat":[223],"product_tag":[],"class_list":{"0":"post-3725","1":"product","2":"type-product","3":"status-publish","4":"has-post-thumbnail","6":"book_author-thomas-merton","7":"product_cat-espiritualidad","8":"entry"},"_links":{"self":[{"href":"https:\/\/tavapy.gov.py\/biblioteca\/wp-json\/wp\/v2\/product\/3725","targetHints":{"allow":["GET"]}}],"collection":[{"href":"https:\/\/tavapy.gov.py\/biblioteca\/wp-json\/wp\/v2\/product"}],"about":[{"href":"https:\/\/tavapy.gov.py\/biblioteca\/wp-json\/wp\/v2\/types\/product"}],"replies":[{"embeddable":true,"href":"https:\/\/tavapy.gov.py\/biblioteca\/wp-json\/wp\/v2\/comments?post=3725"}],"wp:featuredmedia":[{"embeddable":true,"href":"https:\/\/tavapy.gov.py\/biblioteca\/wp-json\/wp\/v2\/media\/3663"}],"wp:attachment":[{"href":"https:\/\/tavapy.gov.py\/biblioteca\/wp-json\/wp\/v2\/media?parent=3725"}],"wp:term":[{"taxonomy":"product_cat","embeddable":true,"href":"https:\/\/tavapy.gov.py\/biblioteca\/wp-json\/wp\/v2\/product_cat?post=3725"},{"taxonomy":"product_tag","embeddable":true,"href":"https:\/\/tavapy.gov.py\/biblioteca\/wp-json\/wp\/v2\/product_tag?post=3725"}],"curies":[{"name":"wp","href":"https:\/\/api.w.org\/{rel}","templated":true}]}}