{"id":3734,"date":"2022-03-31T23:02:20","date_gmt":"2022-03-31T23:02:20","guid":{"rendered":"https:\/\/tavapy.gov.py\/biblioteca\/?post_type=product&#038;p=3734"},"modified":"2022-04-01T01:55:57","modified_gmt":"2022-04-01T01:55:57","slug":"retrato-en-sepia","status":"publish","type":"product","link":"https:\/\/tavapy.gov.py\/biblioteca\/product\/retrato-en-sepia\/","title":{"rendered":"RETRATO EN SEPIA"},"content":{"rendered":"","protected":false},"excerpt":{"rendered":"<p>Narrada en la voz de una joven mujer, \u00e9sta es una magn\u00edfica novela hist\u00f3rica, situada a finales del siglo XIX en Chile, y una portentosa saga familiar en la que reencontramos algunos personajes de Hija de la fortuna y de La casa de los esp\u00edritus, novelas cumbre en la obra de Isabel Allende.<\/p>\n<p>El tema principal \u00a0de Retrato en Sepia, obra escrita en el a\u00f1o 2.000 es la memoria y los secretos de familia. La protagonista, Aurora del Valle, sufre un trauma brutal que determina su car\u00e1cter y borra de su mente los primeros cinco a\u00f1os de su vida. Criada por su ambiciosa abuela, Paulina del Valle, crece en un ambiente privilegiado, libre de muchas de las limitaciones que oprimen a las mujeres de su \u00e9poca, pero atormentada por horribles pesadillas.<\/p>\n<p>Cuando debe afrontar la traici\u00f3n del hombre que ama y la soledad, decide explorar el misterio de su pasado. Una obra de extraordinaria dimensi\u00f3n humana que eleva la narrativa de la autora a cotas de perfecci\u00f3n literaria.<\/p>\n<p><a href=\"https:\/\/tavapy.gov.py\/biblioteca\/wp-content\/uploads\/2022\/03\/AllendeI-Retrato-en-sepia-1.pdf\" target=\"_blank\" rel=\"attachment noopener wp-att-3564\"><img loading=\"lazy\" decoding=\"async\" class=\"size-full wp-image-3564 alignleft\" src=\"https:\/\/tavapy.gov.py\/biblioteca\/wp-content\/uploads\/2022\/03\/icono-PDF-copia-5.png\" alt=\"\" width=\"121\" height=\"140\" \/><\/a><\/p>\n","protected":false},"featured_media":3740,"comment_status":"open","ping_status":"closed","template":"","meta":{"spay_email":""},"product_cat":[57],"product_tag":[],"class_list":{"0":"post-3734","1":"product","2":"type-product","3":"status-publish","4":"has-post-thumbnail","6":"book_author-isabel-allende","7":"product_cat-novela","8":"entry"},"_links":{"self":[{"href":"https:\/\/tavapy.gov.py\/biblioteca\/wp-json\/wp\/v2\/product\/3734","targetHints":{"allow":["GET"]}}],"collection":[{"href":"https:\/\/tavapy.gov.py\/biblioteca\/wp-json\/wp\/v2\/product"}],"about":[{"href":"https:\/\/tavapy.gov.py\/biblioteca\/wp-json\/wp\/v2\/types\/product"}],"replies":[{"embeddable":true,"href":"https:\/\/tavapy.gov.py\/biblioteca\/wp-json\/wp\/v2\/comments?post=3734"}],"wp:featuredmedia":[{"embeddable":true,"href":"https:\/\/tavapy.gov.py\/biblioteca\/wp-json\/wp\/v2\/media\/3740"}],"wp:attachment":[{"href":"https:\/\/tavapy.gov.py\/biblioteca\/wp-json\/wp\/v2\/media?parent=3734"}],"wp:term":[{"taxonomy":"product_cat","embeddable":true,"href":"https:\/\/tavapy.gov.py\/biblioteca\/wp-json\/wp\/v2\/product_cat?post=3734"},{"taxonomy":"product_tag","embeddable":true,"href":"https:\/\/tavapy.gov.py\/biblioteca\/wp-json\/wp\/v2\/product_tag?post=3734"}],"curies":[{"name":"wp","href":"https:\/\/api.w.org\/{rel}","templated":true}]}}