{"id":3913,"date":"2022-04-04T03:38:00","date_gmt":"2022-04-04T03:38:00","guid":{"rendered":"https:\/\/tavapy.gov.py\/biblioteca\/?post_type=product&#038;p=3913"},"modified":"2022-04-04T03:38:00","modified_gmt":"2022-04-04T03:38:00","slug":"ensenar-a-vivir-manifiesto-para-cambiar-la-educacion","status":"publish","type":"product","link":"https:\/\/tavapy.gov.py\/biblioteca\/product\/ensenar-a-vivir-manifiesto-para-cambiar-la-educacion\/","title":{"rendered":"ENSE\u00d1AR A VIVIR. MANIFIESTO PARA CAMBIAR LA EDUCACI\u00d3N."},"content":{"rendered":"","protected":false},"excerpt":{"rendered":"<p>En este nuevo libro escrito en 2.016, Edgar Morin, uno de los pensadores franceses m\u00e1s relevantes del momento, propugna un replanteamiento profundo de la educaci\u00f3n, y defiende que debe centrarse en su misi\u00f3n esencial tal y como la conceb\u00eda Rousseau: ense\u00f1ar a vivir.<\/p>\n<p>Para Rousseau, el objetivo era permitir que todos los individuos adquiriesen autonom\u00eda y estuviesen prevenidos contra el error y la ilusi\u00f3n, practicasen la comprensi\u00f3n del pr\u00f3jimo y afrontasen las incertidumbres.<\/p>\n<p>En definitiva, se trata de preparar a nuestros hijos para enfrentarse a los problemas del \u00abvivir\u00bb en la compleja sociedad del siglo XXI.<\/p>\n<p><a href=\"https:\/\/tavapy.gov.py\/biblioteca\/wp-content\/uploads\/2022\/04\/MorinE-Ensenar-a-vivir.pdf\" target=\"_blank\" rel=\"attachment noopener wp-att-3889\"><img loading=\"lazy\" decoding=\"async\" class=\"size-full wp-image-3889 alignleft\" src=\"https:\/\/tavapy.gov.py\/biblioteca\/wp-content\/uploads\/2022\/04\/icono-PDF-copia.png\" alt=\"\" width=\"121\" height=\"140\" \/><\/a><\/p>\n","protected":false},"featured_media":3859,"comment_status":"open","ping_status":"closed","template":"","meta":{"spay_email":""},"product_cat":[252],"product_tag":[],"class_list":{"0":"post-3913","1":"product","2":"type-product","3":"status-publish","4":"has-post-thumbnail","6":"book_author-edgar-morin","7":"product_cat-educacion-ciencia-filosofia","8":"entry"},"_links":{"self":[{"href":"https:\/\/tavapy.gov.py\/biblioteca\/wp-json\/wp\/v2\/product\/3913","targetHints":{"allow":["GET"]}}],"collection":[{"href":"https:\/\/tavapy.gov.py\/biblioteca\/wp-json\/wp\/v2\/product"}],"about":[{"href":"https:\/\/tavapy.gov.py\/biblioteca\/wp-json\/wp\/v2\/types\/product"}],"replies":[{"embeddable":true,"href":"https:\/\/tavapy.gov.py\/biblioteca\/wp-json\/wp\/v2\/comments?post=3913"}],"wp:featuredmedia":[{"embeddable":true,"href":"https:\/\/tavapy.gov.py\/biblioteca\/wp-json\/wp\/v2\/media\/3859"}],"wp:attachment":[{"href":"https:\/\/tavapy.gov.py\/biblioteca\/wp-json\/wp\/v2\/media?parent=3913"}],"wp:term":[{"taxonomy":"product_cat","embeddable":true,"href":"https:\/\/tavapy.gov.py\/biblioteca\/wp-json\/wp\/v2\/product_cat?post=3913"},{"taxonomy":"product_tag","embeddable":true,"href":"https:\/\/tavapy.gov.py\/biblioteca\/wp-json\/wp\/v2\/product_tag?post=3913"}],"curies":[{"name":"wp","href":"https:\/\/api.w.org\/{rel}","templated":true}]}}