{"id":3916,"date":"2022-04-04T11:41:30","date_gmt":"2022-04-04T11:41:30","guid":{"rendered":"https:\/\/tavapy.gov.py\/biblioteca\/?post_type=product&#038;p=3916"},"modified":"2022-04-04T11:44:25","modified_gmt":"2022-04-04T11:44:25","slug":"aldous-huxley","status":"publish","type":"product","link":"https:\/\/tavapy.gov.py\/biblioteca\/product\/aldous-huxley\/","title":{"rendered":"LAS PUERTAS DE LA PERCEPCI\u00d3N."},"content":{"rendered":"","protected":false},"excerpt":{"rendered":"<p>Las Puertas de la Percepci\u00f3n del conocido escritor ingl\u00e9s Aldous Huxley es un libro ic\u00f3nico y controversial del siglo XX, escrito en 1.954. Un libro que abri\u00f3 caminos e inspir\u00f3 a muchos para experimentar con la percepci\u00f3n sensorial y mental.<\/p>\n<p>Este libro ofreci\u00f3 argumentos para que el lector se atreviera a probar estados exaltados de conciencia, para que buscara una percepci\u00f3n m\u00e1s ancha y excitada con la cual explorar la intensidad de la existencia. Las Puertas de la Percepci\u00f3n es un libro que crea preguntas existenciales, es una de las obras por la cual se conoce a este interesante escritor.<\/p>\n<p><a href=\"https:\/\/tavapy.gov.py\/biblioteca\/wp-content\/uploads\/2022\/04\/HuxleyA-Las-puertas-de-la-percepcion.pdf\" target=\"_blank\" rel=\"attachment noopener wp-att-3889\"><img loading=\"lazy\" decoding=\"async\" class=\"size-full wp-image-3889 alignleft\" src=\"https:\/\/tavapy.gov.py\/biblioteca\/wp-content\/uploads\/2022\/04\/icono-PDF-copia.png\" alt=\"\" width=\"121\" height=\"140\" \/><\/a><\/p>\n","protected":false},"featured_media":3853,"comment_status":"open","ping_status":"closed","template":"","meta":{"spay_email":""},"product_cat":[95],"product_tag":[],"class_list":{"0":"post-3916","1":"product","2":"type-product","3":"status-publish","4":"has-post-thumbnail","6":"book_author-aldous-huxley","7":"product_cat-ensayo","8":"entry"},"_links":{"self":[{"href":"https:\/\/tavapy.gov.py\/biblioteca\/wp-json\/wp\/v2\/product\/3916","targetHints":{"allow":["GET"]}}],"collection":[{"href":"https:\/\/tavapy.gov.py\/biblioteca\/wp-json\/wp\/v2\/product"}],"about":[{"href":"https:\/\/tavapy.gov.py\/biblioteca\/wp-json\/wp\/v2\/types\/product"}],"replies":[{"embeddable":true,"href":"https:\/\/tavapy.gov.py\/biblioteca\/wp-json\/wp\/v2\/comments?post=3916"}],"wp:featuredmedia":[{"embeddable":true,"href":"https:\/\/tavapy.gov.py\/biblioteca\/wp-json\/wp\/v2\/media\/3853"}],"wp:attachment":[{"href":"https:\/\/tavapy.gov.py\/biblioteca\/wp-json\/wp\/v2\/media?parent=3916"}],"wp:term":[{"taxonomy":"product_cat","embeddable":true,"href":"https:\/\/tavapy.gov.py\/biblioteca\/wp-json\/wp\/v2\/product_cat?post=3916"},{"taxonomy":"product_tag","embeddable":true,"href":"https:\/\/tavapy.gov.py\/biblioteca\/wp-json\/wp\/v2\/product_tag?post=3916"}],"curies":[{"name":"wp","href":"https:\/\/api.w.org\/{rel}","templated":true}]}}