{"id":3925,"date":"2022-04-04T13:42:36","date_gmt":"2022-04-04T13:42:36","guid":{"rendered":"https:\/\/tavapy.gov.py\/biblioteca\/?post_type=product&#038;p=3925"},"modified":"2022-04-04T13:47:16","modified_gmt":"2022-04-04T13:47:16","slug":"el-tambor-de-hojalata","status":"publish","type":"product","link":"https:\/\/tavapy.gov.py\/biblioteca\/product\/el-tambor-de-hojalata\/","title":{"rendered":"EL TAMBOR DE HOJALATA."},"content":{"rendered":"","protected":false},"excerpt":{"rendered":"<p>El tambor de hojalata fue considerado de dif\u00edcil lectura cuando se public\u00f3 en 1959. El tiempo le ha otorgado la facilidad de las obras maestras, la indiscutible afirmaci\u00f3n de su propio genio, la talla enorme de su desmesurada inventiva, la clara penetraci\u00f3n de su cr\u00edtica cruel, casi masoquista (de alem\u00e1n sobre Alemania).<\/p>\n<p>La historia de \u00d3scar, el peque\u00f1o que no quer\u00eda crecer, es uno de los s\u00edmbolos literarios m\u00e1s entra\u00f1ables de nuestro tiempo.<\/p>\n<p>El d\u00eda de su tercer cumplea\u00f1os es una fecha determinante en la vida de Oscar, el peque\u00f1o que no quer\u00eda crecer. No s\u00f3lo es el d\u00eda en que toma la decisi\u00f3n de dejar crecer, sino que recibe su primer tambor de hojalata, objeto que habr\u00e1 de convertirse en compa\u00f1ero inseparable para el resto de sus d\u00edas.<\/p>\n<p>La cr\u00edtica mordaz, la iron\u00eda despiadada, el espectacular sentido del humor y la libertad creadora con que G\u00fcnter Grass construye esta obra maestra convierten a El tambor de hojalata en uno de los t\u00edtulos m\u00e1s destacados de la historia de la literatura.<\/p>\n<p><a href=\"https:\/\/tavapy.gov.py\/biblioteca\/wp-content\/uploads\/2022\/04\/Grass-G-Tambor-de-hojalata-1.pdf\" target=\"_blank\" rel=\"attachment noopener wp-att-3889\"><img loading=\"lazy\" decoding=\"async\" class=\"size-full wp-image-3889 alignleft\" src=\"https:\/\/tavapy.gov.py\/biblioteca\/wp-content\/uploads\/2022\/04\/icono-PDF-copia.png\" alt=\"\" width=\"121\" height=\"140\" \/><\/a><\/p>\n","protected":false},"featured_media":3841,"comment_status":"open","ping_status":"closed","template":"","meta":{"spay_email":""},"product_cat":[57],"product_tag":[],"class_list":{"0":"post-3925","1":"product","2":"type-product","3":"status-publish","4":"has-post-thumbnail","6":"book_author-gunter-grass","7":"product_cat-novela","8":"entry"},"_links":{"self":[{"href":"https:\/\/tavapy.gov.py\/biblioteca\/wp-json\/wp\/v2\/product\/3925","targetHints":{"allow":["GET"]}}],"collection":[{"href":"https:\/\/tavapy.gov.py\/biblioteca\/wp-json\/wp\/v2\/product"}],"about":[{"href":"https:\/\/tavapy.gov.py\/biblioteca\/wp-json\/wp\/v2\/types\/product"}],"replies":[{"embeddable":true,"href":"https:\/\/tavapy.gov.py\/biblioteca\/wp-json\/wp\/v2\/comments?post=3925"}],"wp:featuredmedia":[{"embeddable":true,"href":"https:\/\/tavapy.gov.py\/biblioteca\/wp-json\/wp\/v2\/media\/3841"}],"wp:attachment":[{"href":"https:\/\/tavapy.gov.py\/biblioteca\/wp-json\/wp\/v2\/media?parent=3925"}],"wp:term":[{"taxonomy":"product_cat","embeddable":true,"href":"https:\/\/tavapy.gov.py\/biblioteca\/wp-json\/wp\/v2\/product_cat?post=3925"},{"taxonomy":"product_tag","embeddable":true,"href":"https:\/\/tavapy.gov.py\/biblioteca\/wp-json\/wp\/v2\/product_tag?post=3925"}],"curies":[{"name":"wp","href":"https:\/\/api.w.org\/{rel}","templated":true}]}}