{"id":3934,"date":"2022-04-04T16:44:04","date_gmt":"2022-04-04T16:44:04","guid":{"rendered":"https:\/\/tavapy.gov.py\/biblioteca\/?post_type=product&#038;p=3934"},"modified":"2022-04-04T16:44:04","modified_gmt":"2022-04-04T16:44:04","slug":"la-condicion-humana","status":"publish","type":"product","link":"https:\/\/tavapy.gov.py\/biblioteca\/product\/la-condicion-humana\/","title":{"rendered":"LA CONDICI\u00d3N HUMANA."},"content":{"rendered":"","protected":false},"excerpt":{"rendered":"<p>El presente libro escrito en 1.958, es un penetrante estudio sobre el estado de la humanidad en el mundo contempor\u00e1neo que analiza, sobre todo, las cosas que el hombre y la mujer son capaces de hacer.<\/p>\n<p>As\u00ed pues, se centra en una discusi\u00f3n sobre la labor, el trabajo y la acci\u00f3n \u2013los tres cap\u00edtulos centrales de la obra\u2014 y se refiere tanto a las capacidades humanas cuyo motivo esencial es atender a las necesidades de la vida (comer, beber, vestirse, dormir&#8230;) como a la sublimaci\u00f3n de \u00e9stas en otra m\u00e1s trascendental, la capacidad de ser libre.<\/p>\n<p>A la vez an\u00e1lisis hist\u00f3rico y propuesta pol\u00edtica de amplio alcance filos\u00f3fico, La condici\u00f3n humana no s\u00f3lo es la clave de todas las obras de Hannah Arendt, sino tambi\u00e9n un texto b\u00e1sico para comprender hacia d\u00f3nde se dirige la contemporaneidad.<\/p>\n<p><a href=\"https:\/\/tavapy.gov.py\/biblioteca\/wp-content\/uploads\/2022\/04\/Arendt-Hanna-La-Condicion-Humana.pdf\" target=\"_blank\" rel=\"attachment noopener wp-att-3889\"><img loading=\"lazy\" decoding=\"async\" class=\"size-full wp-image-3889 alignleft\" src=\"https:\/\/tavapy.gov.py\/biblioteca\/wp-content\/uploads\/2022\/04\/icono-PDF-copia.png\" alt=\"\" width=\"121\" height=\"140\" \/><\/a><\/p>\n","protected":false},"featured_media":3829,"comment_status":"open","ping_status":"closed","template":"","meta":{"spay_email":""},"product_cat":[268],"product_tag":[],"class_list":{"0":"post-3934","1":"product","2":"type-product","3":"status-publish","4":"has-post-thumbnail","6":"book_author-hanna-arendt","7":"product_cat-filosofia-antropologia","8":"entry"},"_links":{"self":[{"href":"https:\/\/tavapy.gov.py\/biblioteca\/wp-json\/wp\/v2\/product\/3934","targetHints":{"allow":["GET"]}}],"collection":[{"href":"https:\/\/tavapy.gov.py\/biblioteca\/wp-json\/wp\/v2\/product"}],"about":[{"href":"https:\/\/tavapy.gov.py\/biblioteca\/wp-json\/wp\/v2\/types\/product"}],"replies":[{"embeddable":true,"href":"https:\/\/tavapy.gov.py\/biblioteca\/wp-json\/wp\/v2\/comments?post=3934"}],"wp:featuredmedia":[{"embeddable":true,"href":"https:\/\/tavapy.gov.py\/biblioteca\/wp-json\/wp\/v2\/media\/3829"}],"wp:attachment":[{"href":"https:\/\/tavapy.gov.py\/biblioteca\/wp-json\/wp\/v2\/media?parent=3934"}],"wp:term":[{"taxonomy":"product_cat","embeddable":true,"href":"https:\/\/tavapy.gov.py\/biblioteca\/wp-json\/wp\/v2\/product_cat?post=3934"},{"taxonomy":"product_tag","embeddable":true,"href":"https:\/\/tavapy.gov.py\/biblioteca\/wp-json\/wp\/v2\/product_tag?post=3934"}],"curies":[{"name":"wp","href":"https:\/\/api.w.org\/{rel}","templated":true}]}}