{"id":3935,"date":"2022-04-04T17:25:13","date_gmt":"2022-04-04T17:25:13","guid":{"rendered":"https:\/\/tavapy.gov.py\/biblioteca\/?post_type=product&#038;p=3935"},"modified":"2022-04-04T17:32:15","modified_gmt":"2022-04-04T17:32:15","slug":"reinventarse","status":"publish","type":"product","link":"https:\/\/tavapy.gov.py\/biblioteca\/product\/reinventarse\/","title":{"rendered":"REINVENTARSE."},"content":{"rendered":"","protected":false},"excerpt":{"rendered":"<p>Reinventarse no quiere decir convertirse en alguien distinto a quien se es, sino sacar a flote nuestro verdadero ser. Es en este nuevo espacio de posibilidades donde afloran la creatividad, la sabidur\u00eda y la energ\u00eda que transforman por completo nuestra experiencia, trayendo una mayor serenidad, ilusi\u00f3n y confianza a nuestras vidas.<\/p>\n<p>Est\u00e1 en nosotros, en el ejercicio de nuestra libertad personal, hacer elecciones que paulatinamente nos lleven a transformar nuestra forma de mirar.<\/p>\n<p>Mario Alonso Puig nos ofrece en esta obra escrita en el 2.010, un mapa con el que conocernos mejor a nosotros mismos. Poco a poco ir\u00e1 desvelando el secreto de c\u00f3mo las personas creamos los ojos a trav\u00e9s de los cuales observamos y percibimos el mundo. Son estos ojos los que tantas veces hacen que nos enfoquemos en las culpas del pasado y no en las posibilidades del futuro. El futuro que este libro nos permitir\u00e1 afrontar con una nueva mirada.<\/p>\n<p><a href=\"https:\/\/tavapy.gov.py\/biblioteca\/wp-content\/uploads\/2022\/04\/Alonso-Puig-M-Reinventarse.pdf\" target=\"_blank\" rel=\"attachment noopener wp-att-3889\"><img loading=\"lazy\" decoding=\"async\" class=\"size-full wp-image-3889 alignleft\" src=\"https:\/\/tavapy.gov.py\/biblioteca\/wp-content\/uploads\/2022\/04\/icono-PDF-copia.png\" alt=\"\" width=\"121\" height=\"140\" \/><\/a><\/p>\n","protected":false},"featured_media":3938,"comment_status":"open","ping_status":"closed","template":"","meta":{"spay_email":""},"product_cat":[205],"product_tag":[],"class_list":{"0":"post-3935","1":"product","2":"type-product","3":"status-publish","4":"has-post-thumbnail","6":"book_author-mario-alonso-puig","7":"product_cat-autoayuda-desarrollo-humano","8":"entry"},"_links":{"self":[{"href":"https:\/\/tavapy.gov.py\/biblioteca\/wp-json\/wp\/v2\/product\/3935","targetHints":{"allow":["GET"]}}],"collection":[{"href":"https:\/\/tavapy.gov.py\/biblioteca\/wp-json\/wp\/v2\/product"}],"about":[{"href":"https:\/\/tavapy.gov.py\/biblioteca\/wp-json\/wp\/v2\/types\/product"}],"replies":[{"embeddable":true,"href":"https:\/\/tavapy.gov.py\/biblioteca\/wp-json\/wp\/v2\/comments?post=3935"}],"wp:featuredmedia":[{"embeddable":true,"href":"https:\/\/tavapy.gov.py\/biblioteca\/wp-json\/wp\/v2\/media\/3938"}],"wp:attachment":[{"href":"https:\/\/tavapy.gov.py\/biblioteca\/wp-json\/wp\/v2\/media?parent=3935"}],"wp:term":[{"taxonomy":"product_cat","embeddable":true,"href":"https:\/\/tavapy.gov.py\/biblioteca\/wp-json\/wp\/v2\/product_cat?post=3935"},{"taxonomy":"product_tag","embeddable":true,"href":"https:\/\/tavapy.gov.py\/biblioteca\/wp-json\/wp\/v2\/product_tag?post=3935"}],"curies":[{"name":"wp","href":"https:\/\/api.w.org\/{rel}","templated":true}]}}