{"id":3941,"date":"2022-04-04T17:50:44","date_gmt":"2022-04-04T17:50:44","guid":{"rendered":"https:\/\/tavapy.gov.py\/biblioteca\/?post_type=product&#038;p=3941"},"modified":"2022-04-04T17:50:44","modified_gmt":"2022-04-04T17:50:44","slug":"la-arqueologia-del-saber","status":"publish","type":"product","link":"https:\/\/tavapy.gov.py\/biblioteca\/product\/la-arqueologia-del-saber\/","title":{"rendered":"LA ARQUEOLOG\u00cdA DEL SABER."},"content":{"rendered":"","protected":false},"excerpt":{"rendered":"<p>En La arqueolog\u00eda del saber, obra escrita en 1.969, Foucault abre un espacio de an\u00e1lisis de las formaciones discursivas que le permite retrabajar la problem\u00e1tica epistemol\u00f3gica de las ciencias humanas atendiendo especialmente a la tensi\u00f3n que habita el lenguaje en el que estos discursos serios exponen sus pretensiones de validez.<\/p>\n<p>Su perspectiva anal\u00edtica se incorpora, no sin conflictos, en el espacio de debate que, en la segunda mitad del siglo XX, intenta avanzar en la discusi\u00f3n del estatuto epistemol\u00f3gico de las ciencias humanas cuestionando la pretensi\u00f3n de conformar el lenguaje de estas ciencias a los modos de elaboraci\u00f3n requeridos por una \u2018l\u00f3gica de la investigaci\u00f3n cient\u00edfica\u2019 que asienta su propio estatuto en una pol\u00edtica de demarcaci\u00f3n.<\/p>\n<p><a href=\"https:\/\/tavapy.gov.py\/biblioteca\/wp-content\/uploads\/2022\/04\/FoucaultM-La_arqueologia_del_saber.pdf\" target=\"_blank\" rel=\"attachment noopener wp-att-3889\"><img loading=\"lazy\" decoding=\"async\" class=\"size-full wp-image-3889 alignleft\" src=\"https:\/\/tavapy.gov.py\/biblioteca\/wp-content\/uploads\/2022\/04\/icono-PDF-copia.png\" alt=\"\" width=\"121\" height=\"140\" \/><\/a><\/p>\n<p>&nbsp;<\/p>\n","protected":false},"featured_media":3820,"comment_status":"open","ping_status":"closed","template":"","meta":{"spay_email":""},"product_cat":[271],"product_tag":[],"class_list":{"0":"post-3941","1":"product","2":"type-product","3":"status-publish","4":"has-post-thumbnail","6":"book_author-michel-foucalt","7":"product_cat-epistemologia-filosofia","8":"entry"},"_links":{"self":[{"href":"https:\/\/tavapy.gov.py\/biblioteca\/wp-json\/wp\/v2\/product\/3941","targetHints":{"allow":["GET"]}}],"collection":[{"href":"https:\/\/tavapy.gov.py\/biblioteca\/wp-json\/wp\/v2\/product"}],"about":[{"href":"https:\/\/tavapy.gov.py\/biblioteca\/wp-json\/wp\/v2\/types\/product"}],"replies":[{"embeddable":true,"href":"https:\/\/tavapy.gov.py\/biblioteca\/wp-json\/wp\/v2\/comments?post=3941"}],"wp:featuredmedia":[{"embeddable":true,"href":"https:\/\/tavapy.gov.py\/biblioteca\/wp-json\/wp\/v2\/media\/3820"}],"wp:attachment":[{"href":"https:\/\/tavapy.gov.py\/biblioteca\/wp-json\/wp\/v2\/media?parent=3941"}],"wp:term":[{"taxonomy":"product_cat","embeddable":true,"href":"https:\/\/tavapy.gov.py\/biblioteca\/wp-json\/wp\/v2\/product_cat?post=3941"},{"taxonomy":"product_tag","embeddable":true,"href":"https:\/\/tavapy.gov.py\/biblioteca\/wp-json\/wp\/v2\/product_tag?post=3941"}],"curies":[{"name":"wp","href":"https:\/\/api.w.org\/{rel}","templated":true}]}}