{"id":3943,"date":"2022-04-04T18:00:36","date_gmt":"2022-04-04T18:00:36","guid":{"rendered":"https:\/\/tavapy.gov.py\/biblioteca\/?post_type=product&#038;p=3943"},"modified":"2022-04-04T18:00:36","modified_gmt":"2022-04-04T18:00:36","slug":"contacto","status":"publish","type":"product","link":"https:\/\/tavapy.gov.py\/biblioteca\/product\/contacto\/","title":{"rendered":"CONTACTO."},"content":{"rendered":"","protected":false},"excerpt":{"rendered":"<p>Esta obra escrita en 1.985, trata sobre el contacto con una cultura extraterrestre inteligente y c\u00f3mo se ver\u00eda afectada la especie humana al conocer que no estamos solos en el universo. Contacto es la \u00fanica novela escrita por el astr\u00f3nomo estadounidense Carl Sagan, uno de los mayores divulgadores cient\u00edficos del siglo XX.<\/p>\n<p>Tras cinco a\u00f1os de incesantes b\u00fasquedas con los dispositivos m\u00e1s sofisticados del momento, la astr\u00f3noma Eleanor Arroway consigue, junto a un equipo de cient\u00edficos internacionales, conectar con la estrella Vega y demostrar que no estamos solos en el universo. Empieza entonces un trepidante viaje hacia el encuentro m\u00e1s esperado de la historia de la humanidad, y con \u00e9l Carl Sagan plantea magistralmente c\u00f3mo afectar\u00eda a nuestra sociedad la recepci\u00f3n de mensajes de una civilizaci\u00f3n inteligente.<\/p>\n<p>Contacto, Premio Locus 1986, desarrolla una de las constantes en la trayectoria del autor: la b\u00fasqueda de inteligencia extraterrestre y la comunicaci\u00f3n con ella a trav\u00e9s de sondas espaciales. En 1997, el director de cine Robert Zemeckisllev\u00f3 esta historia a la gran pantalla, en una pel\u00edcula protagonizada por Jodie Foster y Matthew McConaughey.<\/p>\n<p><a href=\"https:\/\/tavapy.gov.py\/biblioteca\/wp-content\/uploads\/2022\/04\/SaganC-Contacto.pdf\" target=\"_blank\" rel=\"attachment noopener wp-att-3889\"><img loading=\"lazy\" decoding=\"async\" class=\"size-full wp-image-3889 alignleft\" src=\"https:\/\/tavapy.gov.py\/biblioteca\/wp-content\/uploads\/2022\/04\/icono-PDF-copia.png\" alt=\"\" width=\"121\" height=\"140\" \/><\/a><\/p>\n","protected":false},"featured_media":3816,"comment_status":"open","ping_status":"closed","template":"","meta":{"spay_email":""},"product_cat":[57],"product_tag":[],"class_list":{"0":"post-3943","1":"product","2":"type-product","3":"status-publish","4":"has-post-thumbnail","6":"book_author-carl-sagan","7":"product_cat-novela","8":"entry"},"_links":{"self":[{"href":"https:\/\/tavapy.gov.py\/biblioteca\/wp-json\/wp\/v2\/product\/3943","targetHints":{"allow":["GET"]}}],"collection":[{"href":"https:\/\/tavapy.gov.py\/biblioteca\/wp-json\/wp\/v2\/product"}],"about":[{"href":"https:\/\/tavapy.gov.py\/biblioteca\/wp-json\/wp\/v2\/types\/product"}],"replies":[{"embeddable":true,"href":"https:\/\/tavapy.gov.py\/biblioteca\/wp-json\/wp\/v2\/comments?post=3943"}],"wp:featuredmedia":[{"embeddable":true,"href":"https:\/\/tavapy.gov.py\/biblioteca\/wp-json\/wp\/v2\/media\/3816"}],"wp:attachment":[{"href":"https:\/\/tavapy.gov.py\/biblioteca\/wp-json\/wp\/v2\/media?parent=3943"}],"wp:term":[{"taxonomy":"product_cat","embeddable":true,"href":"https:\/\/tavapy.gov.py\/biblioteca\/wp-json\/wp\/v2\/product_cat?post=3943"},{"taxonomy":"product_tag","embeddable":true,"href":"https:\/\/tavapy.gov.py\/biblioteca\/wp-json\/wp\/v2\/product_tag?post=3943"}],"curies":[{"name":"wp","href":"https:\/\/api.w.org\/{rel}","templated":true}]}}