{"id":3944,"date":"2022-04-04T18:06:10","date_gmt":"2022-04-04T18:06:10","guid":{"rendered":"https:\/\/tavapy.gov.py\/biblioteca\/?post_type=product&#038;p=3944"},"modified":"2022-04-04T18:06:11","modified_gmt":"2022-04-04T18:06:11","slug":"excelencia-en-servicio","status":"publish","type":"product","link":"https:\/\/tavapy.gov.py\/biblioteca\/product\/excelencia-en-servicio\/","title":{"rendered":"EXCELENCIA EN SERVICIO."},"content":{"rendered":"","protected":false},"excerpt":{"rendered":"<p>Toda organizaci\u00f3n existe para brindar alg\u00fan tipo de servicio, m\u00e1s all\u00e1 de su misi\u00f3n espec\u00edfica, perder de vista esta realidad en este momento es temerario. La excelencia como estilo de gesti\u00f3n, se ha convertido en una demanda ineludible. Las empresas deben entregar un servicio excelente en cualquier lugar del globo y para lograrlo deben entender cabalmente las expectativas del nuevo ciudadano global.<\/p>\n<p>Este ejemplar publicado en el 2.006, es una colecci\u00f3n de art\u00edculos publicados en diferentes medios electr\u00f3nicos y tradicionales, cuya pretensi\u00f3n es compilar lo aprendido en m\u00e1s de 25 a\u00f1os de experiencia gerencial, e intensa investigaci\u00f3n. Contiene el pensamiento condensado de te\u00f3ricos y verdaderos hacedores, m\u00e1s la experiencia pr\u00e1ctica, clave de una s\u00edntesis adecuada.<\/p>\n<p>El lenguaje utilizado es llano, sin pretensi\u00f3n de impresionar y con el \u00fanico objetivo de simplificar los conceptos para hacerlos accesibles a los diferentes niveles de ilustraci\u00f3n que encontramos en las distintas organizaciones.<\/p>\n<p><a href=\"https:\/\/tavapy.gov.py\/biblioteca\/wp-content\/uploads\/2022\/04\/TiganiD-ExcelenciaenServicio.pdf\" target=\"_blank\" rel=\"attachment noopener wp-att-3889\"><img loading=\"lazy\" decoding=\"async\" class=\"size-full wp-image-3889 alignleft\" src=\"https:\/\/tavapy.gov.py\/biblioteca\/wp-content\/uploads\/2022\/04\/icono-PDF-copia.png\" alt=\"\" width=\"121\" height=\"140\" \/><\/a><\/p>\n","protected":false},"featured_media":3814,"comment_status":"open","ping_status":"closed","template":"","meta":{"spay_email":""},"product_cat":[274],"product_tag":[],"class_list":{"0":"post-3944","1":"product","2":"type-product","3":"status-publish","4":"has-post-thumbnail","6":"book_author-daniel-tigani","7":"product_cat-servicio-atencion-al-cliente","8":"entry"},"_links":{"self":[{"href":"https:\/\/tavapy.gov.py\/biblioteca\/wp-json\/wp\/v2\/product\/3944","targetHints":{"allow":["GET"]}}],"collection":[{"href":"https:\/\/tavapy.gov.py\/biblioteca\/wp-json\/wp\/v2\/product"}],"about":[{"href":"https:\/\/tavapy.gov.py\/biblioteca\/wp-json\/wp\/v2\/types\/product"}],"replies":[{"embeddable":true,"href":"https:\/\/tavapy.gov.py\/biblioteca\/wp-json\/wp\/v2\/comments?post=3944"}],"wp:featuredmedia":[{"embeddable":true,"href":"https:\/\/tavapy.gov.py\/biblioteca\/wp-json\/wp\/v2\/media\/3814"}],"wp:attachment":[{"href":"https:\/\/tavapy.gov.py\/biblioteca\/wp-json\/wp\/v2\/media?parent=3944"}],"wp:term":[{"taxonomy":"product_cat","embeddable":true,"href":"https:\/\/tavapy.gov.py\/biblioteca\/wp-json\/wp\/v2\/product_cat?post=3944"},{"taxonomy":"product_tag","embeddable":true,"href":"https:\/\/tavapy.gov.py\/biblioteca\/wp-json\/wp\/v2\/product_tag?post=3944"}],"curies":[{"name":"wp","href":"https:\/\/api.w.org\/{rel}","templated":true}]}}