{"id":3945,"date":"2022-04-04T18:10:50","date_gmt":"2022-04-04T18:10:50","guid":{"rendered":"https:\/\/tavapy.gov.py\/biblioteca\/?post_type=product&#038;p=3945"},"modified":"2022-04-04T18:10:51","modified_gmt":"2022-04-04T18:10:51","slug":"introduccion-al-derecho","status":"publish","type":"product","link":"https:\/\/tavapy.gov.py\/biblioteca\/product\/introduccion-al-derecho\/","title":{"rendered":"INTRODUCCI\u00d3N AL DERECHO."},"content":{"rendered":"","protected":false},"excerpt":{"rendered":"<p>Introducci\u00f3n al Derecho, obra publicada en el 2.020, plantea de forma pr\u00e1ctica los postulados y alcances de la materia, dirigido a abogados y no abogados, esta obra razona el significado del Derecho con una interpretaci\u00f3n que busca orientar al lector acerca de su ejercicio a partir de los principios te\u00f3ricos que lo fundamentan.<\/p>\n<p>A trav\u00e9s del texto se comentan principalmente las interpretaciones del Derecho propias de diversas sociedades, as\u00ed como su enfoque y alcances normativos en \u00e1reas espec\u00edficas que rigen las relaciones entre individuos y naciones, apoy\u00e1ndose para ello a lo largo de su desarrollo en valiosas bibliograf\u00edas referenciales y complementarias que aclaran con mayor profundidad los temas considerados.<\/p>\n<p><a href=\"https:\/\/tavapy.gov.py\/biblioteca\/wp-content\/uploads\/2022\/04\/GordilloA-introduccion-al-derecho.pdf\" target=\"_blank\" rel=\"attachment noopener wp-att-3889\"><img loading=\"lazy\" decoding=\"async\" class=\"size-full wp-image-3889 alignleft\" src=\"https:\/\/tavapy.gov.py\/biblioteca\/wp-content\/uploads\/2022\/04\/icono-PDF-copia.png\" alt=\"\" width=\"121\" height=\"140\" \/><\/a><\/p>\n","protected":false},"featured_media":3812,"comment_status":"open","ping_status":"closed","template":"","meta":{"spay_email":""},"product_cat":[276],"product_tag":[],"class_list":{"0":"post-3945","1":"product","2":"type-product","3":"status-publish","4":"has-post-thumbnail","6":"book_author-agustin-gordillo","7":"product_cat-derecho","8":"entry"},"_links":{"self":[{"href":"https:\/\/tavapy.gov.py\/biblioteca\/wp-json\/wp\/v2\/product\/3945","targetHints":{"allow":["GET"]}}],"collection":[{"href":"https:\/\/tavapy.gov.py\/biblioteca\/wp-json\/wp\/v2\/product"}],"about":[{"href":"https:\/\/tavapy.gov.py\/biblioteca\/wp-json\/wp\/v2\/types\/product"}],"replies":[{"embeddable":true,"href":"https:\/\/tavapy.gov.py\/biblioteca\/wp-json\/wp\/v2\/comments?post=3945"}],"wp:featuredmedia":[{"embeddable":true,"href":"https:\/\/tavapy.gov.py\/biblioteca\/wp-json\/wp\/v2\/media\/3812"}],"wp:attachment":[{"href":"https:\/\/tavapy.gov.py\/biblioteca\/wp-json\/wp\/v2\/media?parent=3945"}],"wp:term":[{"taxonomy":"product_cat","embeddable":true,"href":"https:\/\/tavapy.gov.py\/biblioteca\/wp-json\/wp\/v2\/product_cat?post=3945"},{"taxonomy":"product_tag","embeddable":true,"href":"https:\/\/tavapy.gov.py\/biblioteca\/wp-json\/wp\/v2\/product_tag?post=3945"}],"curies":[{"name":"wp","href":"https:\/\/api.w.org\/{rel}","templated":true}]}}