{"id":3950,"date":"2022-04-04T18:52:49","date_gmt":"2022-04-04T18:52:49","guid":{"rendered":"https:\/\/tavapy.gov.py\/biblioteca\/?post_type=product&#038;p=3950"},"modified":"2022-04-04T18:54:10","modified_gmt":"2022-04-04T18:54:10","slug":"el-siglo-de-las-luces","status":"publish","type":"product","link":"https:\/\/tavapy.gov.py\/biblioteca\/product\/el-siglo-de-las-luces\/","title":{"rendered":"EL SIGLO DE LAS LUCES."},"content":{"rendered":"","protected":false},"excerpt":{"rendered":"<p>El siglo de las luces es una novela hist\u00f3rica del escritor cubano Alejo Carpentier publicada en 1962.1\u200b Ambientada en la \u00e9poca de la Revoluci\u00f3n Francesa, pero desarrollada principalmente en la regi\u00f3n del Caribe, tiene como figura principal al personaje de V\u00edctor Hughes y se desenvuelve a trav\u00e9s de las vivencias experimentadas por tres j\u00f3venes, una pareja de hermanos y su primo, quienes son los verdaderos protagonistas de la novela.<\/p>\n<p>Seg\u00fan el autor, V\u00edctor Hughes fue un personaje real que fue enviado al Caribe a expandir los l\u00edmites de la revoluci\u00f3n y termin\u00f3 transform\u00e1ndose en un d\u00e9spota que logr\u00f3 cierta autonom\u00eda pol\u00edtica respecto de Francia.<\/p>\n<p><a href=\"https:\/\/tavapy.gov.py\/biblioteca\/wp-content\/uploads\/2022\/04\/CarpentierA-El_siglo_de_las_luces.pdf\" target=\"_blank\" rel=\"attachment noopener wp-att-3889\"><img loading=\"lazy\" decoding=\"async\" class=\"size-full wp-image-3889 alignleft\" src=\"https:\/\/tavapy.gov.py\/biblioteca\/wp-content\/uploads\/2022\/04\/icono-PDF-copia.png\" alt=\"\" width=\"121\" height=\"140\" \/><\/a><\/p>\n","protected":false},"featured_media":3802,"comment_status":"open","ping_status":"closed","template":"","meta":{"spay_email":""},"product_cat":[57],"product_tag":[],"class_list":{"0":"post-3950","1":"product","2":"type-product","3":"status-publish","4":"has-post-thumbnail","6":"book_author-alejo-carpentier","7":"product_cat-novela","8":"entry"},"_links":{"self":[{"href":"https:\/\/tavapy.gov.py\/biblioteca\/wp-json\/wp\/v2\/product\/3950","targetHints":{"allow":["GET"]}}],"collection":[{"href":"https:\/\/tavapy.gov.py\/biblioteca\/wp-json\/wp\/v2\/product"}],"about":[{"href":"https:\/\/tavapy.gov.py\/biblioteca\/wp-json\/wp\/v2\/types\/product"}],"replies":[{"embeddable":true,"href":"https:\/\/tavapy.gov.py\/biblioteca\/wp-json\/wp\/v2\/comments?post=3950"}],"wp:featuredmedia":[{"embeddable":true,"href":"https:\/\/tavapy.gov.py\/biblioteca\/wp-json\/wp\/v2\/media\/3802"}],"wp:attachment":[{"href":"https:\/\/tavapy.gov.py\/biblioteca\/wp-json\/wp\/v2\/media?parent=3950"}],"wp:term":[{"taxonomy":"product_cat","embeddable":true,"href":"https:\/\/tavapy.gov.py\/biblioteca\/wp-json\/wp\/v2\/product_cat?post=3950"},{"taxonomy":"product_tag","embeddable":true,"href":"https:\/\/tavapy.gov.py\/biblioteca\/wp-json\/wp\/v2\/product_tag?post=3950"}],"curies":[{"name":"wp","href":"https:\/\/api.w.org\/{rel}","templated":true}]}}