{"id":3966,"date":"2022-04-04T19:30:26","date_gmt":"2022-04-04T19:30:26","guid":{"rendered":"https:\/\/tavapy.gov.py\/biblioteca\/?post_type=product&#038;p=3966"},"modified":"2022-04-04T19:32:52","modified_gmt":"2022-04-04T19:32:52","slug":"puedo-comprar-una-empresa","status":"publish","type":"product","link":"https:\/\/tavapy.gov.py\/biblioteca\/product\/puedo-comprar-una-empresa\/","title":{"rendered":"\u00bfPUEDO COMPRAR UNA EMPRESA?"},"content":{"rendered":"","protected":false},"excerpt":{"rendered":"<p>Es un libro pr\u00e1ctico publicado en el 2.011, lleno de ejemplos reales, escrito por uno de los mejores expertos en operaciones corporativas. Es una obra de formaci\u00f3n e informaci\u00f3n de gran inter\u00e9s para los empresarios y emprendedores que se planteen la compra de una empresa.<\/p>\n<p>A lo largo de la obra el autor va presentando el proceso a seguir para comprar una empresa. Explica c\u00f3mo localizarla, evaluarla, valorarla, c\u00f3mo buscar financiaci\u00f3n y c\u00f3mo estructurar la negociaci\u00f3n para adquirirla. Asimismo, hace entender al lector que es posible comprar una empresa si realmente se desea y explica paso a paso c\u00f3mo hacerlo y cu\u00e1l puede ser el tipo de compa\u00f1\u00eda m\u00e1s apropiada.<\/p>\n<p><a href=\"https:\/\/tavapy.gov.py\/biblioteca\/wp-content\/uploads\/2022\/04\/QuemadaE-\u00bfPuedo-comprar-una-empresa.pdf\" target=\"_blank\" rel=\"attachment noopener wp-att-3889\"><img loading=\"lazy\" decoding=\"async\" class=\"size-full wp-image-3889 alignleft\" src=\"https:\/\/tavapy.gov.py\/biblioteca\/wp-content\/uploads\/2022\/04\/icono-PDF-copia.png\" alt=\"\" width=\"121\" height=\"140\" \/><\/a><\/p>\n","protected":false},"featured_media":3967,"comment_status":"open","ping_status":"closed","template":"","meta":{"spay_email":""},"product_cat":[291],"product_tag":[],"class_list":{"0":"post-3966","1":"product","2":"type-product","3":"status-publish","4":"has-post-thumbnail","6":"book_author-enrique-quemada","7":"product_cat-empresas-negocios","8":"entry"},"_links":{"self":[{"href":"https:\/\/tavapy.gov.py\/biblioteca\/wp-json\/wp\/v2\/product\/3966","targetHints":{"allow":["GET"]}}],"collection":[{"href":"https:\/\/tavapy.gov.py\/biblioteca\/wp-json\/wp\/v2\/product"}],"about":[{"href":"https:\/\/tavapy.gov.py\/biblioteca\/wp-json\/wp\/v2\/types\/product"}],"replies":[{"embeddable":true,"href":"https:\/\/tavapy.gov.py\/biblioteca\/wp-json\/wp\/v2\/comments?post=3966"}],"wp:featuredmedia":[{"embeddable":true,"href":"https:\/\/tavapy.gov.py\/biblioteca\/wp-json\/wp\/v2\/media\/3967"}],"wp:attachment":[{"href":"https:\/\/tavapy.gov.py\/biblioteca\/wp-json\/wp\/v2\/media?parent=3966"}],"wp:term":[{"taxonomy":"product_cat","embeddable":true,"href":"https:\/\/tavapy.gov.py\/biblioteca\/wp-json\/wp\/v2\/product_cat?post=3966"},{"taxonomy":"product_tag","embeddable":true,"href":"https:\/\/tavapy.gov.py\/biblioteca\/wp-json\/wp\/v2\/product_tag?post=3966"}],"curies":[{"name":"wp","href":"https:\/\/api.w.org\/{rel}","templated":true}]}}