{"id":3968,"date":"2022-04-04T19:36:37","date_gmt":"2022-04-04T19:36:37","guid":{"rendered":"https:\/\/tavapy.gov.py\/biblioteca\/?post_type=product&#038;p=3968"},"modified":"2022-04-04T19:36:37","modified_gmt":"2022-04-04T19:36:37","slug":"enfermedades-infecciosas-de-los-animales-y-zoonosis","status":"publish","type":"product","link":"https:\/\/tavapy.gov.py\/biblioteca\/product\/enfermedades-infecciosas-de-los-animales-y-zoonosis\/","title":{"rendered":"ENFERMEDADES INFECCIOSAS DE LOS ANIMALES Y ZOONOSIS."},"content":{"rendered":"","protected":false},"excerpt":{"rendered":"<p>La obra publicada en el 2.017, aborda las enfermedades infecciosas que afectan a los animales de importancia en la regi\u00f3n por su capacidad de presentar importante casu\u00edstica y problemas de control, afectando la salud animal y la producci\u00f3n de alimentos y en muchos casos posibilitando su transmisi\u00f3n al hombre, con diversos niveles de gravedad, desde presentaciones leves hasta afecciones de importancia.<\/p>\n<p>Se estudia la descripci\u00f3n de las mismas, las causas, la susceptibilidad a ellas que presentan las diversas especies animales, su sintomatolog\u00eda, control y prevenci\u00f3n y la forma de controlarlas, erradicarlas, crear zonas libres y evitar que reingresen, cerrando las posibilidades de que las zoonosis de importancia pasen a los humanos. Se han incluido adem\u00e1s algunas enfermedades de relevancia que incapacitan al pa\u00eds para la exportaci\u00f3n de ciertas especies animales y sus productos.<\/p>\n<p>El sistema de notificaci\u00f3n, las resoluciones y las leyes atinentes al control de las enfermedades animales forman parte de los temas tratados en cada cap\u00edtulo. Adem\u00e1s, se ha incorporado un cap\u00edtulo con todos los aspectos relativos al estudio de estas enfermedades y sus definiciones y caracter\u00edsticas.<\/p>\n<p><a href=\"https:\/\/tavapy.gov.py\/biblioteca\/wp-content\/uploads\/2022\/04\/AmasinoC-Enfermedades-infecciosas-de-animales.pdf\" target=\"_blank\" rel=\"attachment noopener wp-att-3889\"><img loading=\"lazy\" decoding=\"async\" class=\"size-full wp-image-3889 alignleft\" src=\"https:\/\/tavapy.gov.py\/biblioteca\/wp-content\/uploads\/2022\/04\/icono-PDF-copia.png\" alt=\"\" width=\"121\" height=\"140\" \/><\/a><\/p>\n","protected":false},"featured_media":3786,"comment_status":"open","ping_status":"closed","template":"","meta":{"spay_email":""},"product_cat":[293],"product_tag":[],"class_list":{"0":"post-3968","1":"product","2":"type-product","3":"status-publish","4":"has-post-thumbnail","6":"book_author-carlos-francisco-amasino","7":"product_cat-veterinaria","8":"entry"},"_links":{"self":[{"href":"https:\/\/tavapy.gov.py\/biblioteca\/wp-json\/wp\/v2\/product\/3968","targetHints":{"allow":["GET"]}}],"collection":[{"href":"https:\/\/tavapy.gov.py\/biblioteca\/wp-json\/wp\/v2\/product"}],"about":[{"href":"https:\/\/tavapy.gov.py\/biblioteca\/wp-json\/wp\/v2\/types\/product"}],"replies":[{"embeddable":true,"href":"https:\/\/tavapy.gov.py\/biblioteca\/wp-json\/wp\/v2\/comments?post=3968"}],"wp:featuredmedia":[{"embeddable":true,"href":"https:\/\/tavapy.gov.py\/biblioteca\/wp-json\/wp\/v2\/media\/3786"}],"wp:attachment":[{"href":"https:\/\/tavapy.gov.py\/biblioteca\/wp-json\/wp\/v2\/media?parent=3968"}],"wp:term":[{"taxonomy":"product_cat","embeddable":true,"href":"https:\/\/tavapy.gov.py\/biblioteca\/wp-json\/wp\/v2\/product_cat?post=3968"},{"taxonomy":"product_tag","embeddable":true,"href":"https:\/\/tavapy.gov.py\/biblioteca\/wp-json\/wp\/v2\/product_tag?post=3968"}],"curies":[{"name":"wp","href":"https:\/\/api.w.org\/{rel}","templated":true}]}}