{"id":4042,"date":"2022-04-08T04:09:14","date_gmt":"2022-04-08T04:09:14","guid":{"rendered":"https:\/\/tavapy.gov.py\/biblioteca\/?post_type=product&#038;p=4042"},"modified":"2022-04-08T04:09:56","modified_gmt":"2022-04-08T04:09:56","slug":"ley-numero-2422-codigo-aduanero","status":"publish","type":"product","link":"https:\/\/tavapy.gov.py\/biblioteca\/product\/ley-numero-2422-codigo-aduanero\/","title":{"rendered":"LEY N\u00daMERO 2422 \/ C\u00d3DIGO ADUANERO."},"content":{"rendered":"","protected":false},"excerpt":{"rendered":"<p>La Ley N\u00ba 2422 del C\u00d3DIGO ADUANERO del a\u00f1o 2.004, establece que a Direcci\u00f3n Nacional de Aduanas es la Instituci\u00f3n encargada de aplicar la legislaci\u00f3n aduanera, recaudar los tributos a la importaci\u00f3n y a la exportaci\u00f3n, fiscalizar el tr\u00e1fico de mercader\u00edas por las fronteras y aeropuertos del pa\u00eds, ejercer sus atribuciones en zona primaria y realizar las tareas de represi\u00f3n del contrabando en zona secundaria.<\/p>\n<p>La potestad aduanera es el conjunto de atribuciones y deberes de la Direcci\u00f3n Nacional de Aduanas y de las autoridades dependientes de la misma, investida de competencia para la aplicaci\u00f3n de la legislaci\u00f3n aduanera para fiscalizar la entrada y salida de mercader\u00edas del pa\u00eds, autorizar su despacho, ejercer los privilegios fiscales, determinar los grav\u00e1menes aplicables, imponer sanciones y ejercer los controles previstos en la legislaci\u00f3n aduanera nacional.<\/p>\n<p><a href=\"https:\/\/tavapy.gov.py\/biblioteca\/wp-content\/uploads\/2022\/04\/Codigo-Aduanero-LEY-N\u00b0-2422-2004.pdf\" target=\"_blank\" rel=\"attachment noopener wp-att-4033\"><img loading=\"lazy\" decoding=\"async\" class=\"size-full wp-image-4033 alignleft\" src=\"https:\/\/tavapy.gov.py\/biblioteca\/wp-content\/uploads\/2022\/04\/icono-PDF-copia-1.png\" alt=\"\" width=\"121\" height=\"140\" \/><\/a><\/p>\n","protected":false},"featured_media":4043,"comment_status":"open","ping_status":"closed","template":"","meta":{"spay_email":""},"product_cat":[298],"product_tag":[],"class_list":{"0":"post-4042","1":"product","2":"type-product","3":"status-publish","4":"has-post-thumbnail","6":"book_author-estado-paraguayo","7":"product_cat-legislacion-paraguaya","8":"entry"},"_links":{"self":[{"href":"https:\/\/tavapy.gov.py\/biblioteca\/wp-json\/wp\/v2\/product\/4042","targetHints":{"allow":["GET"]}}],"collection":[{"href":"https:\/\/tavapy.gov.py\/biblioteca\/wp-json\/wp\/v2\/product"}],"about":[{"href":"https:\/\/tavapy.gov.py\/biblioteca\/wp-json\/wp\/v2\/types\/product"}],"replies":[{"embeddable":true,"href":"https:\/\/tavapy.gov.py\/biblioteca\/wp-json\/wp\/v2\/comments?post=4042"}],"wp:featuredmedia":[{"embeddable":true,"href":"https:\/\/tavapy.gov.py\/biblioteca\/wp-json\/wp\/v2\/media\/4043"}],"wp:attachment":[{"href":"https:\/\/tavapy.gov.py\/biblioteca\/wp-json\/wp\/v2\/media?parent=4042"}],"wp:term":[{"taxonomy":"product_cat","embeddable":true,"href":"https:\/\/tavapy.gov.py\/biblioteca\/wp-json\/wp\/v2\/product_cat?post=4042"},{"taxonomy":"product_tag","embeddable":true,"href":"https:\/\/tavapy.gov.py\/biblioteca\/wp-json\/wp\/v2\/product_tag?post=4042"}],"curies":[{"name":"wp","href":"https:\/\/api.w.org\/{rel}","templated":true}]}}