{"id":4110,"date":"2022-04-10T16:47:26","date_gmt":"2022-04-10T16:47:26","guid":{"rendered":"https:\/\/tavapy.gov.py\/biblioteca\/?post_type=product&#038;p=4110"},"modified":"2022-04-10T16:47:26","modified_gmt":"2022-04-10T16:47:26","slug":"patologia-forense","status":"publish","type":"product","link":"https:\/\/tavapy.gov.py\/biblioteca\/product\/patologia-forense\/","title":{"rendered":"PATOLOG\u00cdA FORENSE."},"content":{"rendered":"","protected":false},"excerpt":{"rendered":"<p>La medicina legal y forense es una especialidad m\u00e9dica considerada dentro de las disciplinas conocidas como m\u00e9dico-sociales. Comprende un amplio conjunto de conocimientos m\u00e9dico-biol\u00f3gicos que auxilian al mundo de la justicia, tanto en el desarrollo te\u00f3rico legislativo como en el modo m\u00e1s pr\u00e1ctico de aplicaci\u00f3n de las leyes en el medio judicial.<\/p>\n<p>La medicina legal corresponde a la parte m\u00e1s dogm\u00e1tica de la disciplina y el calificativo \u00abforense\u00bb la ti\u00f1e de una visi\u00f3n eminentemente pr\u00e1ctica que conduce al conocimiento general de la figura del m\u00e9dico de esta especialidad. La atenci\u00f3n actual, incluso medi\u00e1tica, de nuestras actuaciones hace que el contenido de este manual sea de gran inter\u00e9s por sus aportaciones b\u00e1sicas pero imprescindibles para conocer y comprender las funciones y la amplitud de campos que abarca ejercicio profesional de la medicina forense.<\/p>\n<p>La obra Patolog\u00eda forense fue publicada en el 2.016.<\/p>\n<p><a href=\"https:\/\/tavapy.gov.py\/biblioteca\/wp-content\/uploads\/2022\/04\/03.Patologia-Forense-autor-Rosa-M.-Perez-Perez.pdf\" target=\"_blank\" rel=\"attachment noopener wp-att-4033\"><img loading=\"lazy\" decoding=\"async\" class=\"size-full wp-image-4033 alignleft\" src=\"https:\/\/tavapy.gov.py\/biblioteca\/wp-content\/uploads\/2022\/04\/icono-PDF-copia-1.png\" alt=\"\" width=\"121\" height=\"140\" \/><\/a><\/p>\n","protected":false},"featured_media":4105,"comment_status":"open","ping_status":"closed","template":"","meta":{"spay_email":""},"product_cat":[300],"product_tag":[],"class_list":{"0":"post-4110","1":"product","2":"type-product","3":"status-publish","4":"has-post-thumbnail","6":"book_author-rosa-perez","7":"product_cat-medicina","8":"entry"},"_links":{"self":[{"href":"https:\/\/tavapy.gov.py\/biblioteca\/wp-json\/wp\/v2\/product\/4110","targetHints":{"allow":["GET"]}}],"collection":[{"href":"https:\/\/tavapy.gov.py\/biblioteca\/wp-json\/wp\/v2\/product"}],"about":[{"href":"https:\/\/tavapy.gov.py\/biblioteca\/wp-json\/wp\/v2\/types\/product"}],"replies":[{"embeddable":true,"href":"https:\/\/tavapy.gov.py\/biblioteca\/wp-json\/wp\/v2\/comments?post=4110"}],"wp:featuredmedia":[{"embeddable":true,"href":"https:\/\/tavapy.gov.py\/biblioteca\/wp-json\/wp\/v2\/media\/4105"}],"wp:attachment":[{"href":"https:\/\/tavapy.gov.py\/biblioteca\/wp-json\/wp\/v2\/media?parent=4110"}],"wp:term":[{"taxonomy":"product_cat","embeddable":true,"href":"https:\/\/tavapy.gov.py\/biblioteca\/wp-json\/wp\/v2\/product_cat?post=4110"},{"taxonomy":"product_tag","embeddable":true,"href":"https:\/\/tavapy.gov.py\/biblioteca\/wp-json\/wp\/v2\/product_tag?post=4110"}],"curies":[{"name":"wp","href":"https:\/\/api.w.org\/{rel}","templated":true}]}}