{"id":4117,"date":"2022-04-10T17:09:59","date_gmt":"2022-04-10T17:09:59","guid":{"rendered":"https:\/\/tavapy.gov.py\/biblioteca\/?post_type=product&#038;p=4117"},"modified":"2022-04-10T17:10:00","modified_gmt":"2022-04-10T17:10:00","slug":"historia-de-la-ciencia-y-sus-reconstrucciones-racionales","status":"publish","type":"product","link":"https:\/\/tavapy.gov.py\/biblioteca\/product\/historia-de-la-ciencia-y-sus-reconstrucciones-racionales\/","title":{"rendered":"HISTORIA DE LA CIENCIA Y SUS RECONSTRUCCIONES RACIONALES."},"content":{"rendered":"","protected":false},"excerpt":{"rendered":"<p>Uno de los rasgos m\u00e1s caracter\u00edsticos de la Filosof\u00eda de la Ciencia de Lakatos radica en el papel que en ella desempe\u00f1a la Historia de la Ciencia. A nivel cient\u00edfico y metodol\u00f3gico, Lakatos cambia la unidad de evaluaci\u00f3n de la metodolog\u00eda de Popper: teor\u00edas aisladas (una unidad abstracta), por la noci\u00f3n hist\u00f3rica de Series de Teor\u00edas o Programas de Investigaci\u00f3n Cient\u00edfica.<\/p>\n<p>A nivel meta cient\u00edfico o meta metodol\u00f3gico, introduce una nueva teor\u00eda: los Programas de Investigaci\u00f3n Historiogr\u00e1fica para la evaluaci\u00f3n de metodolog\u00edas rivales. Las distintas metodolog\u00edas pueden compararse criticando las Reconstrucciones Racionales a las que conducen, sin necesidad de hacer referencia directa a ninguna teor\u00eda l\u00f3gica o epistemol\u00f3gica.<\/p>\n<p>Esta obra de Lakatos fue publicada en el 2.001.<\/p>\n<p><a href=\"https:\/\/tavapy.gov.py\/biblioteca\/wp-content\/uploads\/2022\/04\/LakatosI-Historia-de-la-ciencia...pdf\" target=\"_blank\" rel=\"attachment noopener wp-att-4114\"><img loading=\"lazy\" decoding=\"async\" class=\"size-full wp-image-4114 alignleft\" src=\"https:\/\/tavapy.gov.py\/biblioteca\/wp-content\/uploads\/2022\/04\/icono-PDF-copia-2.png\" alt=\"\" width=\"121\" height=\"140\" \/><\/a><\/p>\n","protected":false},"featured_media":4093,"comment_status":"open","ping_status":"closed","template":"","meta":{"spay_email":""},"product_cat":[271],"product_tag":[],"class_list":{"0":"post-4117","1":"product","2":"type-product","3":"status-publish","4":"has-post-thumbnail","6":"book_author-imre-lakatos","7":"product_cat-epistemologia-filosofia","8":"entry"},"_links":{"self":[{"href":"https:\/\/tavapy.gov.py\/biblioteca\/wp-json\/wp\/v2\/product\/4117","targetHints":{"allow":["GET"]}}],"collection":[{"href":"https:\/\/tavapy.gov.py\/biblioteca\/wp-json\/wp\/v2\/product"}],"about":[{"href":"https:\/\/tavapy.gov.py\/biblioteca\/wp-json\/wp\/v2\/types\/product"}],"replies":[{"embeddable":true,"href":"https:\/\/tavapy.gov.py\/biblioteca\/wp-json\/wp\/v2\/comments?post=4117"}],"wp:featuredmedia":[{"embeddable":true,"href":"https:\/\/tavapy.gov.py\/biblioteca\/wp-json\/wp\/v2\/media\/4093"}],"wp:attachment":[{"href":"https:\/\/tavapy.gov.py\/biblioteca\/wp-json\/wp\/v2\/media?parent=4117"}],"wp:term":[{"taxonomy":"product_cat","embeddable":true,"href":"https:\/\/tavapy.gov.py\/biblioteca\/wp-json\/wp\/v2\/product_cat?post=4117"},{"taxonomy":"product_tag","embeddable":true,"href":"https:\/\/tavapy.gov.py\/biblioteca\/wp-json\/wp\/v2\/product_tag?post=4117"}],"curies":[{"name":"wp","href":"https:\/\/api.w.org\/{rel}","templated":true}]}}