{"id":4120,"date":"2022-04-10T19:06:46","date_gmt":"2022-04-10T19:06:46","guid":{"rendered":"https:\/\/tavapy.gov.py\/biblioteca\/?post_type=product&#038;p=4120"},"modified":"2022-04-10T19:06:46","modified_gmt":"2022-04-10T19:06:46","slug":"la-odisea","status":"publish","type":"product","link":"https:\/\/tavapy.gov.py\/biblioteca\/product\/la-odisea\/","title":{"rendered":"LA ODISEA."},"content":{"rendered":"","protected":false},"excerpt":{"rendered":"<p>La Odisea es un poema \u00e9pico griego compuesto por 24 cantos, atribuido al poeta griego Homero. Se cree que fue compuesta en el siglo VIII a. C. en los asentamientos que ten\u00eda Grecia en la costa oeste del Asia Menor (actual Turqu\u00eda asi\u00e1tica). Seg\u00fan otros autores, la Odisea se completa en el siglo VII a. C. a partir de poemas que solo describ\u00edan partes de la obra actual.<\/p>\n<p>\u00abLa Odisea\u00bb, del poeta griego Homero, es uno de los poemas \u00e9picos m\u00e1s importantes de Occidente. La historia narra el viaje de regreso del h\u00e9roe Odiseo a su patria, la isla de \u00cdtaca, tras su participaci\u00f3n en la guerra de Troya. Su traves\u00eda estar\u00e1 llena de peligros y aventuras. \u00abLa Odisea\u00bb es una met\u00e1fora del viaje que es la vida para todos nosotros; de ah\u00ed que sea un cl\u00e1sico universal.<\/p>\n<p><a href=\"https:\/\/tavapy.gov.py\/biblioteca\/wp-content\/uploads\/2022\/04\/Homero-Odisea.pdf\" target=\"_blank\" rel=\"attachment noopener wp-att-4114\"><img loading=\"lazy\" decoding=\"async\" class=\"size-full wp-image-4114 alignleft\" src=\"https:\/\/tavapy.gov.py\/biblioteca\/wp-content\/uploads\/2022\/04\/icono-PDF-copia-2.png\" alt=\"\" width=\"121\" height=\"140\" \/><\/a><\/p>\n","protected":false},"featured_media":4087,"comment_status":"open","ping_status":"closed","template":"","meta":{"spay_email":""},"product_cat":[311],"product_tag":[],"class_list":{"0":"post-4120","1":"product","2":"type-product","3":"status-publish","4":"has-post-thumbnail","6":"book_author-homero","7":"product_cat-literatura-clasica","8":"entry"},"_links":{"self":[{"href":"https:\/\/tavapy.gov.py\/biblioteca\/wp-json\/wp\/v2\/product\/4120","targetHints":{"allow":["GET"]}}],"collection":[{"href":"https:\/\/tavapy.gov.py\/biblioteca\/wp-json\/wp\/v2\/product"}],"about":[{"href":"https:\/\/tavapy.gov.py\/biblioteca\/wp-json\/wp\/v2\/types\/product"}],"replies":[{"embeddable":true,"href":"https:\/\/tavapy.gov.py\/biblioteca\/wp-json\/wp\/v2\/comments?post=4120"}],"wp:featuredmedia":[{"embeddable":true,"href":"https:\/\/tavapy.gov.py\/biblioteca\/wp-json\/wp\/v2\/media\/4087"}],"wp:attachment":[{"href":"https:\/\/tavapy.gov.py\/biblioteca\/wp-json\/wp\/v2\/media?parent=4120"}],"wp:term":[{"taxonomy":"product_cat","embeddable":true,"href":"https:\/\/tavapy.gov.py\/biblioteca\/wp-json\/wp\/v2\/product_cat?post=4120"},{"taxonomy":"product_tag","embeddable":true,"href":"https:\/\/tavapy.gov.py\/biblioteca\/wp-json\/wp\/v2\/product_tag?post=4120"}],"curies":[{"name":"wp","href":"https:\/\/api.w.org\/{rel}","templated":true}]}}