{"id":4136,"date":"2022-04-10T19:37:37","date_gmt":"2022-04-10T19:37:37","guid":{"rendered":"https:\/\/tavapy.gov.py\/biblioteca\/?post_type=product&#038;p=4136"},"modified":"2022-04-10T19:37:37","modified_gmt":"2022-04-10T19:37:37","slug":"introduccion-al-estudio-del-derecho","status":"publish","type":"product","link":"https:\/\/tavapy.gov.py\/biblioteca\/product\/introduccion-al-estudio-del-derecho\/","title":{"rendered":"INTRODUCCI\u00d3N AL ESTUDIO DEL DERECHO."},"content":{"rendered":"","protected":false},"excerpt":{"rendered":"<p>Este texto, Introducci\u00f3n al estudio del derecho, obra publicada en el 2.016-que se encuentra dirigido tanto a quienes se aproximan por vez primera al mundo jur\u00eddico, como a quienes se han enfrentado ya a un an\u00e1lisis riguroso del mismo, y que pretende dar cuenta de la \u00abcartograf\u00eda jur\u00eddica fundamental\u00bb necesaria para la comprensi\u00f3n de cualquier \u00abmapa normativo\u00bb- se ocupa, en primer lugar del concepto de derecho, de la ubicaci\u00f3n del derecho en el universo; en segundo lugar, de la relaci\u00f3n existente entre el derecho y la pol\u00edtica;<\/p>\n<p>En tercer lugar, del concepto de derecho; en cuarto lugar, del derecho en sentido objetivo o derecho objetivo; en quinto lugar, del derecho subjetivo, en el contexto de los conceptos jur\u00eddicos fundamentales; en sexto y \u00faltimo lugar, del derecho en sentido cient\u00edfico y de las distintas corrientes del pensamiento jur\u00eddico.<\/p>\n<p><a href=\"https:\/\/tavapy.gov.py\/biblioteca\/wp-content\/uploads\/2022\/04\/Solano-VelezH-Introduccion-al-estudio-del-derecho-.pdf\" target=\"_blank\" rel=\"attachment noopener wp-att-4114\"><img loading=\"lazy\" decoding=\"async\" class=\"size-full wp-image-4114 alignleft\" src=\"https:\/\/tavapy.gov.py\/biblioteca\/wp-content\/uploads\/2022\/04\/icono-PDF-copia-2.png\" alt=\"\" width=\"121\" height=\"140\" \/><\/a><\/p>\n","protected":false},"featured_media":4074,"comment_status":"open","ping_status":"closed","template":"","meta":{"spay_email":""},"product_cat":[276],"product_tag":[],"class_list":{"0":"post-4136","1":"product","2":"type-product","3":"status-publish","4":"has-post-thumbnail","6":"book_author-henry-roberto-solano-velez","7":"product_cat-derecho","8":"entry"},"_links":{"self":[{"href":"https:\/\/tavapy.gov.py\/biblioteca\/wp-json\/wp\/v2\/product\/4136","targetHints":{"allow":["GET"]}}],"collection":[{"href":"https:\/\/tavapy.gov.py\/biblioteca\/wp-json\/wp\/v2\/product"}],"about":[{"href":"https:\/\/tavapy.gov.py\/biblioteca\/wp-json\/wp\/v2\/types\/product"}],"replies":[{"embeddable":true,"href":"https:\/\/tavapy.gov.py\/biblioteca\/wp-json\/wp\/v2\/comments?post=4136"}],"wp:featuredmedia":[{"embeddable":true,"href":"https:\/\/tavapy.gov.py\/biblioteca\/wp-json\/wp\/v2\/media\/4074"}],"wp:attachment":[{"href":"https:\/\/tavapy.gov.py\/biblioteca\/wp-json\/wp\/v2\/media?parent=4136"}],"wp:term":[{"taxonomy":"product_cat","embeddable":true,"href":"https:\/\/tavapy.gov.py\/biblioteca\/wp-json\/wp\/v2\/product_cat?post=4136"},{"taxonomy":"product_tag","embeddable":true,"href":"https:\/\/tavapy.gov.py\/biblioteca\/wp-json\/wp\/v2\/product_tag?post=4136"}],"curies":[{"name":"wp","href":"https:\/\/api.w.org\/{rel}","templated":true}]}}