{"id":4138,"date":"2022-04-10T19:45:21","date_gmt":"2022-04-10T19:45:21","guid":{"rendered":"https:\/\/tavapy.gov.py\/biblioteca\/?post_type=product&#038;p=4138"},"modified":"2022-04-10T19:45:21","modified_gmt":"2022-04-10T19:45:21","slug":"introduccion-al-estudio-del-derecho-2","status":"publish","type":"product","link":"https:\/\/tavapy.gov.py\/biblioteca\/product\/introduccion-al-estudio-del-derecho-2\/","title":{"rendered":"INTRODUCCI\u00d3N AL ESTUDIO DEL DERECHO."},"content":{"rendered":"","protected":false},"excerpt":{"rendered":"<p>Introducci\u00f3n al estudio del Derecho, obra publicada en 1.938, es una obra de juventud pero, al mismo tiempo, de madurez intelectual. Es fundamentalmente un texto escolar. Es el libro del autor que m\u00e1s se ha le\u00eddo y el que ha ayudado eficazmente a la formaci\u00f3n de generaciones y generaciones de abogados. Es el libro que el maestro escribi\u00f3 para sus alumnos y que jam\u00e1s imagin\u00f3 que iba a ser decenas de miles en muchos y varios pa\u00edses.<\/p>\n<p>El derecho, dice Garc\u00eda M\u00e1ynez, no es un sistema de normas sino un orden jur\u00eddico concreto que s\u00f3lo existe si los destinatarios de su sistema normativo ajustan normalmente su conducta a las prescripciones en vigor, por lo que la eficacia de dicho sistema, es un elemento estructural de todo orden jur\u00eddico concreto.<\/p>\n<p><a href=\"https:\/\/tavapy.gov.py\/biblioteca\/wp-content\/uploads\/2022\/04\/GarciaE-Introduccion-al-estudio-del-Derecho.pdf\" target=\"_blank\" rel=\"attachment noopener wp-att-4114\"><img loading=\"lazy\" decoding=\"async\" class=\"size-full wp-image-4114 alignleft\" src=\"https:\/\/tavapy.gov.py\/biblioteca\/wp-content\/uploads\/2022\/04\/icono-PDF-copia-2.png\" alt=\"\" width=\"121\" height=\"140\" \/><\/a><\/p>\n","protected":false},"featured_media":4070,"comment_status":"open","ping_status":"closed","template":"","meta":{"spay_email":""},"product_cat":[276],"product_tag":[],"class_list":{"0":"post-4138","1":"product","2":"type-product","3":"status-publish","4":"has-post-thumbnail","6":"book_author-eduardo-garcia-maynez","7":"product_cat-derecho","8":"entry"},"_links":{"self":[{"href":"https:\/\/tavapy.gov.py\/biblioteca\/wp-json\/wp\/v2\/product\/4138","targetHints":{"allow":["GET"]}}],"collection":[{"href":"https:\/\/tavapy.gov.py\/biblioteca\/wp-json\/wp\/v2\/product"}],"about":[{"href":"https:\/\/tavapy.gov.py\/biblioteca\/wp-json\/wp\/v2\/types\/product"}],"replies":[{"embeddable":true,"href":"https:\/\/tavapy.gov.py\/biblioteca\/wp-json\/wp\/v2\/comments?post=4138"}],"wp:featuredmedia":[{"embeddable":true,"href":"https:\/\/tavapy.gov.py\/biblioteca\/wp-json\/wp\/v2\/media\/4070"}],"wp:attachment":[{"href":"https:\/\/tavapy.gov.py\/biblioteca\/wp-json\/wp\/v2\/media?parent=4138"}],"wp:term":[{"taxonomy":"product_cat","embeddable":true,"href":"https:\/\/tavapy.gov.py\/biblioteca\/wp-json\/wp\/v2\/product_cat?post=4138"},{"taxonomy":"product_tag","embeddable":true,"href":"https:\/\/tavapy.gov.py\/biblioteca\/wp-json\/wp\/v2\/product_tag?post=4138"}],"curies":[{"name":"wp","href":"https:\/\/api.w.org\/{rel}","templated":true}]}}