{"id":4141,"date":"2022-04-10T21:02:41","date_gmt":"2022-04-10T21:02:41","guid":{"rendered":"https:\/\/tavapy.gov.py\/biblioteca\/?post_type=product&#038;p=4141"},"modified":"2022-04-10T21:02:42","modified_gmt":"2022-04-10T21:02:42","slug":"jacques-el-fatalista","status":"publish","type":"product","link":"https:\/\/tavapy.gov.py\/biblioteca\/product\/jacques-el-fatalista\/","title":{"rendered":"JACQUES, EL FATALISTA."},"content":{"rendered":"","protected":false},"excerpt":{"rendered":"<p>Jacques el fatalista, obra publicada en 1.785, pone en juego varias historias dentro de la historia, algunas paralelas, otras convergentes, pero todas magistralmente articuladas. Todas ellas se insertan en un universo donde existen las paradojas, el humor, la iron\u00eda, la cr\u00edtica, la filosof\u00eda de la vida cotidiana y la filosof\u00eda universal.<\/p>\n<p>La historia de los amores de Jacques es el punto de partida de una novela delirante, una pieza literaria imprescindible, considerada la novela sat\u00edrica francesa por excelencia.<\/p>\n<p><a href=\"https:\/\/tavapy.gov.py\/biblioteca\/wp-content\/uploads\/2022\/04\/Diderot-Jacques-fatalista.pdf\" target=\"_blank\" rel=\"attachment noopener wp-att-4114\"><img loading=\"lazy\" decoding=\"async\" class=\"size-full wp-image-4114 alignleft\" src=\"https:\/\/tavapy.gov.py\/biblioteca\/wp-content\/uploads\/2022\/04\/icono-PDF-copia-2.png\" alt=\"\" width=\"121\" height=\"140\" \/><\/a><\/p>\n","protected":false},"featured_media":4064,"comment_status":"open","ping_status":"closed","template":"","meta":{"spay_email":""},"product_cat":[57],"product_tag":[],"class_list":{"0":"post-4141","1":"product","2":"type-product","3":"status-publish","4":"has-post-thumbnail","6":"book_author-denis-diderot","7":"product_cat-novela","8":"entry"},"_links":{"self":[{"href":"https:\/\/tavapy.gov.py\/biblioteca\/wp-json\/wp\/v2\/product\/4141","targetHints":{"allow":["GET"]}}],"collection":[{"href":"https:\/\/tavapy.gov.py\/biblioteca\/wp-json\/wp\/v2\/product"}],"about":[{"href":"https:\/\/tavapy.gov.py\/biblioteca\/wp-json\/wp\/v2\/types\/product"}],"replies":[{"embeddable":true,"href":"https:\/\/tavapy.gov.py\/biblioteca\/wp-json\/wp\/v2\/comments?post=4141"}],"wp:featuredmedia":[{"embeddable":true,"href":"https:\/\/tavapy.gov.py\/biblioteca\/wp-json\/wp\/v2\/media\/4064"}],"wp:attachment":[{"href":"https:\/\/tavapy.gov.py\/biblioteca\/wp-json\/wp\/v2\/media?parent=4141"}],"wp:term":[{"taxonomy":"product_cat","embeddable":true,"href":"https:\/\/tavapy.gov.py\/biblioteca\/wp-json\/wp\/v2\/product_cat?post=4141"},{"taxonomy":"product_tag","embeddable":true,"href":"https:\/\/tavapy.gov.py\/biblioteca\/wp-json\/wp\/v2\/product_tag?post=4141"}],"curies":[{"name":"wp","href":"https:\/\/api.w.org\/{rel}","templated":true}]}}