{"id":4147,"date":"2022-04-10T21:39:03","date_gmt":"2022-04-10T21:39:03","guid":{"rendered":"https:\/\/tavapy.gov.py\/biblioteca\/?post_type=product&#038;p=4147"},"modified":"2022-04-10T21:39:03","modified_gmt":"2022-04-10T21:39:03","slug":"memorias-de-fuego-iii-el-siglo-del-viento","status":"publish","type":"product","link":"https:\/\/tavapy.gov.py\/biblioteca\/product\/memorias-de-fuego-iii-el-siglo-del-viento\/","title":{"rendered":"MEMORIAS DE FUEGO III: EL SIGLO DEL VIENTO."},"content":{"rendered":"","protected":false},"excerpt":{"rendered":"<p>El autor uruguayo Eduardo Galeano narra en la trilog\u00eda Memoria del fuego (Los Nacimientos, Las caras y las m\u00e1scaras y El siglo del viento) la historia latinoamericana. Para ello explora sus or\u00edgenes, desde las fundaciones de estas naciones al siglo XX, dividiendo la narraci\u00f3n en tres partes, y utilizando el \u00faltimo tomo para este \u00faltimo siglo contempor\u00e1neo al autor.<\/p>\n<p>El tercer volumen de la colecci\u00f3n, Memoria del fuego III: El siglo del viento, publicado en 1.988, trata por tanto de poner los puntos sobre las \u00edes a un siglo convulso de revoluciones y dictaduras, y relatar c\u00f3mo han evolucionado todos estos pa\u00edses hasta nuestros d\u00edas.<\/p>\n<p><a href=\"https:\/\/tavapy.gov.py\/biblioteca\/wp-content\/uploads\/2022\/04\/GaleanoE-Memoria-del-fuego-III.pdf\" target=\"_blank\" rel=\"attachment noopener wp-att-4114\"><img loading=\"lazy\" decoding=\"async\" class=\"size-full wp-image-4114 alignleft\" src=\"https:\/\/tavapy.gov.py\/biblioteca\/wp-content\/uploads\/2022\/04\/icono-PDF-copia-2.png\" alt=\"\" width=\"121\" height=\"140\" \/><\/a><\/p>\n","protected":false},"featured_media":4056,"comment_status":"open","ping_status":"closed","template":"","meta":{"spay_email":""},"product_cat":[296],"product_tag":[],"class_list":{"0":"post-4147","1":"product","2":"type-product","3":"status-publish","4":"has-post-thumbnail","6":"book_author-eduardo-galeano","7":"product_cat-novela-historica","8":"entry"},"_links":{"self":[{"href":"https:\/\/tavapy.gov.py\/biblioteca\/wp-json\/wp\/v2\/product\/4147","targetHints":{"allow":["GET"]}}],"collection":[{"href":"https:\/\/tavapy.gov.py\/biblioteca\/wp-json\/wp\/v2\/product"}],"about":[{"href":"https:\/\/tavapy.gov.py\/biblioteca\/wp-json\/wp\/v2\/types\/product"}],"replies":[{"embeddable":true,"href":"https:\/\/tavapy.gov.py\/biblioteca\/wp-json\/wp\/v2\/comments?post=4147"}],"wp:featuredmedia":[{"embeddable":true,"href":"https:\/\/tavapy.gov.py\/biblioteca\/wp-json\/wp\/v2\/media\/4056"}],"wp:attachment":[{"href":"https:\/\/tavapy.gov.py\/biblioteca\/wp-json\/wp\/v2\/media?parent=4147"}],"wp:term":[{"taxonomy":"product_cat","embeddable":true,"href":"https:\/\/tavapy.gov.py\/biblioteca\/wp-json\/wp\/v2\/product_cat?post=4147"},{"taxonomy":"product_tag","embeddable":true,"href":"https:\/\/tavapy.gov.py\/biblioteca\/wp-json\/wp\/v2\/product_tag?post=4147"}],"curies":[{"name":"wp","href":"https:\/\/api.w.org\/{rel}","templated":true}]}}