{"id":4235,"date":"2022-04-17T22:35:17","date_gmt":"2022-04-17T22:35:17","guid":{"rendered":"https:\/\/tavapy.gov.py\/biblioteca\/?post_type=product&#038;p=4235"},"modified":"2022-04-17T22:35:18","modified_gmt":"2022-04-17T22:35:18","slug":"la-fabrica-de-cretinos-digitales","status":"publish","type":"product","link":"https:\/\/tavapy.gov.py\/biblioteca\/product\/la-fabrica-de-cretinos-digitales\/","title":{"rendered":"LA F\u00c1BRICA DE CRETINOS DIGITALES."},"content":{"rendered":"","protected":false},"excerpt":{"rendered":"<p>El uso de tecnolog\u00eda \u2014smartphones, ordenadores, tabletas\u2014 por parte de las nuevas generaciones es absolutamente desproporcionado. Con solo dos a\u00f1os de edad, el consumo medio se sit\u00faa en torno a las tres horas. De los ocho a los doce, la media se acerca a las cinco horas. En la adolescencia, la cifra se dispara casi a siete horas, lo que supone m\u00e1s de dos mil cuatrocientas horas al a\u00f1o en pleno desarrollo intelectual.<\/p>\n<p>En contra de lo que la prensa y la industria han difundido hasta ahora, el uso de la tecnolog\u00eda, lejos de ayudar al desarrollo de los ni\u00f1os y estudiantes, produce graves complicaciones de toda \u00edndole: sobre el cuerpo (obesidad, problemas cardiovasculares, reducci\u00f3n de la esperanza de vida), sobre las emociones (agresividad, depresi\u00f3n, comportamientos de riesgo) y sobre el desarrollo intelectual (empobrecimiento del lenguaje, concentraci\u00f3n, memoria&#8230;). Esta es una obra de denuncia imprescindible para padres y pedagogos preocupados por el desarrollo de sus hijos y alumnos.<\/p>\n<p>El prestigioso experto en neurociencia Michel Desmurget propone en esta obra publicada en el 2.019, la primera s\u00edntesis sobre los peligros reales de las pantallas y nos alerta sobre las graves consecuencias que conlleva seguir promoviendo de forma acr\u00edtica el uso de estas tecnolog\u00edas.<\/p>\n<p><a href=\"https:\/\/tavapy.gov.py\/biblioteca\/wp-content\/uploads\/2022\/04\/DesmurgetM-La-fabrica-de-cretinos-digitales.pdf\" target=\"_blank\" rel=\"attachment noopener wp-att-4114\"><img loading=\"lazy\" decoding=\"async\" class=\"size-full wp-image-4114 alignleft\" src=\"https:\/\/tavapy.gov.py\/biblioteca\/wp-content\/uploads\/2022\/04\/icono-PDF-copia-2.png\" alt=\"\" width=\"121\" height=\"140\" \/><\/a><\/p>\n","protected":false},"featured_media":4190,"comment_status":"open","ping_status":"closed","template":"","meta":{"spay_email":""},"product_cat":[337],"product_tag":[],"class_list":{"0":"post-4235","1":"product","2":"type-product","3":"status-publish","4":"has-post-thumbnail","6":"book_author-michel-desmurget","7":"product_cat-educacion-neurociencia","8":"entry"},"_links":{"self":[{"href":"https:\/\/tavapy.gov.py\/biblioteca\/wp-json\/wp\/v2\/product\/4235","targetHints":{"allow":["GET"]}}],"collection":[{"href":"https:\/\/tavapy.gov.py\/biblioteca\/wp-json\/wp\/v2\/product"}],"about":[{"href":"https:\/\/tavapy.gov.py\/biblioteca\/wp-json\/wp\/v2\/types\/product"}],"replies":[{"embeddable":true,"href":"https:\/\/tavapy.gov.py\/biblioteca\/wp-json\/wp\/v2\/comments?post=4235"}],"wp:featuredmedia":[{"embeddable":true,"href":"https:\/\/tavapy.gov.py\/biblioteca\/wp-json\/wp\/v2\/media\/4190"}],"wp:attachment":[{"href":"https:\/\/tavapy.gov.py\/biblioteca\/wp-json\/wp\/v2\/media?parent=4235"}],"wp:term":[{"taxonomy":"product_cat","embeddable":true,"href":"https:\/\/tavapy.gov.py\/biblioteca\/wp-json\/wp\/v2\/product_cat?post=4235"},{"taxonomy":"product_tag","embeddable":true,"href":"https:\/\/tavapy.gov.py\/biblioteca\/wp-json\/wp\/v2\/product_tag?post=4235"}],"curies":[{"name":"wp","href":"https:\/\/api.w.org\/{rel}","templated":true}]}}