{"id":4241,"date":"2022-04-18T01:09:23","date_gmt":"2022-04-18T01:09:23","guid":{"rendered":"https:\/\/tavapy.gov.py\/biblioteca\/?post_type=product&#038;p=4241"},"modified":"2022-04-18T01:09:24","modified_gmt":"2022-04-18T01:09:24","slug":"sistemas-de-informacion-gerencial","status":"publish","type":"product","link":"https:\/\/tavapy.gov.py\/biblioteca\/product\/sistemas-de-informacion-gerencial\/","title":{"rendered":"SISTEMAS DE INFORMACI\u00d3N GERENCIAL."},"content":{"rendered":"","protected":false},"excerpt":{"rendered":"<p>Los temas de este libro cuyo original fue publicado en 1.999, muestran la manera en que las empresas est\u00e1n utilizando los sistemas y las tecnolog\u00edas de la informaci\u00f3n para transformar los modelos de negocios, desarrollar nuevas estrategias, innovar con nuevos servicios y productos y lograr la excelencia operativa.<\/p>\n<p><a href=\"https:\/\/tavapy.gov.py\/biblioteca\/wp-content\/uploads\/2022\/04\/ld-Sistemas_de_informacion_gerencial_14-edicion.pdf\" target=\"_blank\" rel=\"attachment noopener wp-att-4114\"><img loading=\"lazy\" decoding=\"async\" class=\"size-full wp-image-4114 alignleft\" src=\"https:\/\/tavapy.gov.py\/biblioteca\/wp-content\/uploads\/2022\/04\/icono-PDF-copia-2.png\" alt=\"\" width=\"121\" height=\"140\" \/><\/a><\/p>\n","protected":false},"featured_media":4202,"comment_status":"open","ping_status":"closed","template":"","meta":{"spay_email":""},"product_cat":[345],"product_tag":[],"class_list":{"0":"post-4241","1":"product","2":"type-product","3":"status-publish","4":"has-post-thumbnail","6":"book_author-kenneth-laudon","7":"product_cat-sistemas-de-informacion","8":"entry"},"_links":{"self":[{"href":"https:\/\/tavapy.gov.py\/biblioteca\/wp-json\/wp\/v2\/product\/4241","targetHints":{"allow":["GET"]}}],"collection":[{"href":"https:\/\/tavapy.gov.py\/biblioteca\/wp-json\/wp\/v2\/product"}],"about":[{"href":"https:\/\/tavapy.gov.py\/biblioteca\/wp-json\/wp\/v2\/types\/product"}],"replies":[{"embeddable":true,"href":"https:\/\/tavapy.gov.py\/biblioteca\/wp-json\/wp\/v2\/comments?post=4241"}],"wp:featuredmedia":[{"embeddable":true,"href":"https:\/\/tavapy.gov.py\/biblioteca\/wp-json\/wp\/v2\/media\/4202"}],"wp:attachment":[{"href":"https:\/\/tavapy.gov.py\/biblioteca\/wp-json\/wp\/v2\/media?parent=4241"}],"wp:term":[{"taxonomy":"product_cat","embeddable":true,"href":"https:\/\/tavapy.gov.py\/biblioteca\/wp-json\/wp\/v2\/product_cat?post=4241"},{"taxonomy":"product_tag","embeddable":true,"href":"https:\/\/tavapy.gov.py\/biblioteca\/wp-json\/wp\/v2\/product_tag?post=4241"}],"curies":[{"name":"wp","href":"https:\/\/api.w.org\/{rel}","templated":true}]}}