{"id":4251,"date":"2022-04-18T04:40:05","date_gmt":"2022-04-18T04:40:05","guid":{"rendered":"https:\/\/tavapy.gov.py\/biblioteca\/?post_type=product&#038;p=4251"},"modified":"2022-04-18T04:40:05","modified_gmt":"2022-04-18T04:40:05","slug":"la-educacion-en-la-encrucijada","status":"publish","type":"product","link":"https:\/\/tavapy.gov.py\/biblioteca\/product\/la-educacion-en-la-encrucijada\/","title":{"rendered":"LA EDUCACI\u00d3N EN LA ENCRUCIJADA."},"content":{"rendered":"","protected":false},"excerpt":{"rendered":"<p>La educaci\u00f3n en la encrucijada, de Mariano Fern\u00e1ndez Enguita, publicada en el 2.016, constituye un ambicioso y documentado an\u00e1lisis de los retos que el mundo de nuestros d\u00edas plantea a la educaci\u00f3n institucional.<\/p>\n<p>No es una obra t\u00e9cnica ni circunscrita a los profesionales de la ense\u00f1anza, sino que por su amplitud puede contribuir a la reflexi\u00f3n, ya viva en nuestra sociedad, sobre el papel de la educaci\u00f3n como factor de cohesi\u00f3n y progreso.<\/p>\n<p><a href=\"https:\/\/tavapy.gov.py\/biblioteca\/wp-content\/uploads\/2022\/04\/Fernandez-EnguitaM-La-alta-educacion...pdf\" target=\"_blank\" rel=\"attachment noopener wp-att-4114\"><img loading=\"lazy\" decoding=\"async\" class=\"size-full wp-image-4114 alignleft\" src=\"https:\/\/tavapy.gov.py\/biblioteca\/wp-content\/uploads\/2022\/04\/icono-PDF-copia-2.png\" alt=\"\" width=\"121\" height=\"140\" \/><\/a><\/p>\n","protected":false},"featured_media":4221,"comment_status":"open","ping_status":"closed","template":"","meta":{"spay_email":""},"product_cat":[341],"product_tag":[],"class_list":{"0":"post-4251","1":"product","2":"type-product","3":"status-publish","4":"has-post-thumbnail","6":"book_author-mariano-fernandez-enguita","7":"product_cat-educacion","8":"entry"},"_links":{"self":[{"href":"https:\/\/tavapy.gov.py\/biblioteca\/wp-json\/wp\/v2\/product\/4251","targetHints":{"allow":["GET"]}}],"collection":[{"href":"https:\/\/tavapy.gov.py\/biblioteca\/wp-json\/wp\/v2\/product"}],"about":[{"href":"https:\/\/tavapy.gov.py\/biblioteca\/wp-json\/wp\/v2\/types\/product"}],"replies":[{"embeddable":true,"href":"https:\/\/tavapy.gov.py\/biblioteca\/wp-json\/wp\/v2\/comments?post=4251"}],"wp:featuredmedia":[{"embeddable":true,"href":"https:\/\/tavapy.gov.py\/biblioteca\/wp-json\/wp\/v2\/media\/4221"}],"wp:attachment":[{"href":"https:\/\/tavapy.gov.py\/biblioteca\/wp-json\/wp\/v2\/media?parent=4251"}],"wp:term":[{"taxonomy":"product_cat","embeddable":true,"href":"https:\/\/tavapy.gov.py\/biblioteca\/wp-json\/wp\/v2\/product_cat?post=4251"},{"taxonomy":"product_tag","embeddable":true,"href":"https:\/\/tavapy.gov.py\/biblioteca\/wp-json\/wp\/v2\/product_tag?post=4251"}],"curies":[{"name":"wp","href":"https:\/\/api.w.org\/{rel}","templated":true}]}}