{"id":4374,"date":"2022-04-22T15:41:13","date_gmt":"2022-04-22T15:41:13","guid":{"rendered":"https:\/\/tavapy.gov.py\/biblioteca\/?post_type=product&#038;p=4374"},"modified":"2022-04-22T15:41:13","modified_gmt":"2022-04-22T15:41:13","slug":"el-espiritu-de-las-leyes","status":"publish","type":"product","link":"https:\/\/tavapy.gov.py\/biblioteca\/product\/el-espiritu-de-las-leyes\/","title":{"rendered":"EL ESP\u00cdRITU DE LAS LEYES."},"content":{"rendered":"","protected":false},"excerpt":{"rendered":"<p>El esp\u00edritu de las leyes\u200b es un tratado de teor\u00eda pol\u00edtica y derecho comparado publicado en 1748 por el fil\u00f3sofo y ensayista ilustrado Charles Louis de Secondat, bar\u00f3n de Montesquieu. En \u00e9l recrea el modelo pol\u00edtico ingl\u00e9s \u2014tomado, a su vez, de los germanos\u2014 el sistema de separaci\u00f3n de poderes y monarqu\u00eda constitucional, que considera el mejor en su especie como garant\u00eda contra el despotismo.<\/p>\n<p>Seg\u00fan el autor franc\u00e9s, los poderes ejecutivo, legislativo y judicial no deben concentrarse en las mismas manos, trata de una teor\u00eda de contrapesos, donde cada poder contrarresta y equilibra a los otros. Hay quien quiere ver en esta teor\u00eda una relaci\u00f3n entre ideas pol\u00edticas e ideas sociales: su imagen de la sociedad ser\u00eda la de tres fuerzas sociales \u2013rey, pueblo y aristocracia\u2013, a la que les corresponden tres fuerzas pol\u00edticas.<\/p>\n<p><a href=\"https:\/\/tavapy.gov.py\/biblioteca\/wp-content\/uploads\/2022\/04\/Montesquieu-El-espiritu-de-las-leyes.pdf\" target=\"_blank\" rel=\"attachment noopener wp-att-4363\"><img loading=\"lazy\" decoding=\"async\" class=\"size-full wp-image-4363 alignleft\" src=\"https:\/\/tavapy.gov.py\/biblioteca\/wp-content\/uploads\/2022\/04\/icono-PDF-copia-3.png\" alt=\"\" width=\"121\" height=\"140\" \/><\/a><\/p>\n","protected":false},"featured_media":4315,"comment_status":"open","ping_status":"closed","template":"","meta":{"spay_email":""},"product_cat":[382],"product_tag":[],"class_list":{"0":"post-4374","1":"product","2":"type-product","3":"status-publish","4":"has-post-thumbnail","6":"book_author-montesquieu","7":"product_cat-tratado-de-teoria-politica-derecho-comparado","8":"entry"},"_links":{"self":[{"href":"https:\/\/tavapy.gov.py\/biblioteca\/wp-json\/wp\/v2\/product\/4374","targetHints":{"allow":["GET"]}}],"collection":[{"href":"https:\/\/tavapy.gov.py\/biblioteca\/wp-json\/wp\/v2\/product"}],"about":[{"href":"https:\/\/tavapy.gov.py\/biblioteca\/wp-json\/wp\/v2\/types\/product"}],"replies":[{"embeddable":true,"href":"https:\/\/tavapy.gov.py\/biblioteca\/wp-json\/wp\/v2\/comments?post=4374"}],"wp:featuredmedia":[{"embeddable":true,"href":"https:\/\/tavapy.gov.py\/biblioteca\/wp-json\/wp\/v2\/media\/4315"}],"wp:attachment":[{"href":"https:\/\/tavapy.gov.py\/biblioteca\/wp-json\/wp\/v2\/media?parent=4374"}],"wp:term":[{"taxonomy":"product_cat","embeddable":true,"href":"https:\/\/tavapy.gov.py\/biblioteca\/wp-json\/wp\/v2\/product_cat?post=4374"},{"taxonomy":"product_tag","embeddable":true,"href":"https:\/\/tavapy.gov.py\/biblioteca\/wp-json\/wp\/v2\/product_tag?post=4374"}],"curies":[{"name":"wp","href":"https:\/\/api.w.org\/{rel}","templated":true}]}}